{"id":188,"date":"2020-05-17T23:07:30","date_gmt":"2020-05-17T23:07:30","guid":{"rendered":"https:\/\/salesianossp.org.br\/aparecidaitaquera\/parnspsp\/?page_id=188"},"modified":"2022-05-31T17:07:53","modified_gmt":"2022-05-31T20:07:53","slug":"nossahistoria","status":"publish","type":"page","link":"https:\/\/salesianossp.org.br\/aparecidaitaquera\/nossahistoria\/","title":{"rendered":"Nossa Hist\u00f3ria"},"content":{"rendered":"\t\t<div data-elementor-type=\"wp-page\" data-elementor-id=\"188\" class=\"elementor elementor-188\" data-elementor-post-type=\"page\">\n\t\t\t\t\t\t<section class=\"elementor-section elementor-top-section elementor-element elementor-element-44f56a0 elementor-section-boxed elementor-section-height-default elementor-section-height-default\" data-id=\"44f56a0\" data-element_type=\"section\" data-e-type=\"section\">\n\t\t\t\t\t\t<div class=\"elementor-container elementor-column-gap-default\">\n\t\t\t\t\t<div class=\"elementor-column elementor-col-100 elementor-top-column elementor-element elementor-element-d0c146b\" data-id=\"d0c146b\" data-element_type=\"column\" data-e-type=\"column\">\n\t\t\t<div class=\"elementor-widget-wrap elementor-element-populated\">\n\t\t\t\t\t\t<div class=\"elementor-element elementor-element-bbb1c12 elementor-widget elementor-widget-heading\" data-id=\"bbb1c12\" data-element_type=\"widget\" data-e-type=\"widget\" data-widget_type=\"heading.default\">\n\t\t\t\t<div class=\"elementor-widget-container\">\n\t\t\t\t\t<h2 class=\"elementor-heading-title elementor-size-default\">Nossa Hist\u00f3ria<\/h2>\t\t\t\t<\/div>\n\t\t\t\t<\/div>\n\t\t\t\t\t<\/div>\n\t\t<\/div>\n\t\t\t\t\t<\/div>\n\t\t<\/section>\n\t\t\t\t<section class=\"elementor-section elementor-top-section elementor-element elementor-element-5ae8d59 elementor-section-boxed elementor-section-height-default elementor-section-height-default\" data-id=\"5ae8d59\" data-element_type=\"section\" data-e-type=\"section\">\n\t\t\t\t\t\t<div class=\"elementor-container elementor-column-gap-default\">\n\t\t\t\t\t<div class=\"elementor-column elementor-col-100 elementor-top-column elementor-element elementor-element-77eacdf\" data-id=\"77eacdf\" data-element_type=\"column\" data-e-type=\"column\">\n\t\t\t<div class=\"elementor-widget-wrap elementor-element-populated\">\n\t\t\t\t\t\t<div class=\"elementor-element elementor-element-05d1b39 elementor-widget elementor-widget-text-editor\" data-id=\"05d1b39\" data-element_type=\"widget\" data-e-type=\"widget\" data-widget_type=\"text-editor.default\">\n\t\t\t\t<div class=\"elementor-widget-container\">\n\t\t\t\t\t\t\t\t\t<p class=\"p2\" style=\"text-align: center;\"><span class=\"s1\"><b>HIST\u00d3RIA DA PAR\u00d3QUIA NOSSA SENHORA APARECIDA \u2013 ITAQUERA-SP<\/b><\/span><\/p><p class=\"p4\"><img fetchpriority=\"high\" decoding=\"async\" class=\" wp-image-1462 alignleft\" src=\"https:\/\/salesianossp.org.br\/aparecidaitaquera\/wp-content\/uploads\/2021\/05\/historico1.jpg\" alt=\"\" width=\"416\" height=\"312\" srcset=\"https:\/\/salesianossp.org.br\/aparecidaitaquera\/wp-content\/uploads\/2021\/05\/historico1.jpg 1032w, https:\/\/salesianossp.org.br\/aparecidaitaquera\/wp-content\/uploads\/2021\/05\/historico1-300x225.jpg 300w, https:\/\/salesianossp.org.br\/aparecidaitaquera\/wp-content\/uploads\/2021\/05\/historico1-1024x768.jpg 1024w, https:\/\/salesianossp.org.br\/aparecidaitaquera\/wp-content\/uploads\/2021\/05\/historico1-768x576.jpg 768w, https:\/\/salesianossp.org.br\/aparecidaitaquera\/wp-content\/uploads\/2021\/05\/historico1-195x146.jpg 195w, https:\/\/salesianossp.org.br\/aparecidaitaquera\/wp-content\/uploads\/2021\/05\/historico1-50x38.jpg 50w, https:\/\/salesianossp.org.br\/aparecidaitaquera\/wp-content\/uploads\/2021\/05\/historico1-100x75.jpg 100w, https:\/\/salesianossp.org.br\/aparecidaitaquera\/wp-content\/uploads\/2021\/05\/historico1-750x563.jpg 750w\" sizes=\"(max-width:767px) 416px, 416px\" \/>Dia 31 de maio de 1981, fim do m\u00eas dedicado \u00e0 Nossa Senhora Auxiliadora e in\u00edcio da obra salesiana em Itaquera, na Comunidade Nossa Senhora Aparecida em prol dos jovens mais pobres e da classe popular.<\/p><p class=\"p4\">Missa de tomada de posse \u00e0s 8h. Estavam presentes: Dom Ang\u00e9lico S\u00e2ndalo Bernadino (bispo da Regi\u00e3o Leste), P.Walter Beni (membro do Conselho Superior da Congrega\u00e7\u00e3o Salesiana), P. Anotonio Rasera (diretor do Liceu Cora\u00e7\u00e3o de Jesus), P. M\u00e1rio Quilici (vice-inspetor), P. Rosalvino Moran Vi\u00f1ayo (diretor do Instituto Dom Bosco, do Bom Retiro e primeiro coordenador desta nova obra salesiana), S. Am\u00e9rico Rezende de Oliveira (estudante de Teologia, de MT), S. Justo (estudante de Teologia, do Paraguai), S S\u00e9rgio Baruffi (estudante de Teologia, de SP), Prof. Ant\u00f4nio Carlos Martins, e os oratorianos: Hamilton (Mimi), Marcos (Marc\u00e3o), Paulo S\u00e9rgio Pinto.<span class=\"Apple-converted-space\">\u00a0<\/span><\/p><p class=\"p4\">Esteve tamb\u00e9m presente o vig\u00e1rio, P. Francisco (Par\u00f3quia do Carmo) e o di\u00e1cono Batista. A tarde, foi feita uma gincana com a inten\u00e7\u00e3o de manter um primeiro contato com as crian\u00e7as e a juventude. Compareceram cerca de 400 pessoas.<span class=\"Apple-converted-space\">\u00a0<\/span><\/p><p class=\"p4\">Fato menos festivo: A Kombi, que estava carregada de doces, pirulitos, bolas, brinquedos, foi assaltada no Instituto Bom Retiro, antes do alvorecer do dia 31 de maio de 1981.<\/p><p class=\"p4\">Iniciando as atividades na comunidade Nossa Senhora Aparecida, o Orat\u00f3rio funcionar\u00e1 aos s\u00e1bados, domingos e dias feriados.<\/p><p class=\"p4\"><img decoding=\"async\" class=\"wp-image-1463 alignleft\" src=\"https:\/\/salesianossp.org.br\/aparecidaitaquera\/wp-content\/uploads\/2021\/05\/historico2.jpg\" alt=\"\" width=\"411\" height=\"291\" srcset=\"https:\/\/salesianossp.org.br\/aparecidaitaquera\/wp-content\/uploads\/2021\/05\/historico2.jpg 1280w, https:\/\/salesianossp.org.br\/aparecidaitaquera\/wp-content\/uploads\/2021\/05\/historico2-300x213.jpg 300w, https:\/\/salesianossp.org.br\/aparecidaitaquera\/wp-content\/uploads\/2021\/05\/historico2-1024x726.jpg 1024w, https:\/\/salesianossp.org.br\/aparecidaitaquera\/wp-content\/uploads\/2021\/05\/historico2-768x544.jpg 768w, https:\/\/salesianossp.org.br\/aparecidaitaquera\/wp-content\/uploads\/2021\/05\/historico2-206x146.jpg 206w, https:\/\/salesianossp.org.br\/aparecidaitaquera\/wp-content\/uploads\/2021\/05\/historico2-50x35.jpg 50w, https:\/\/salesianossp.org.br\/aparecidaitaquera\/wp-content\/uploads\/2021\/05\/historico2-106x75.jpg 106w, https:\/\/salesianossp.org.br\/aparecidaitaquera\/wp-content\/uploads\/2021\/05\/historico2-120x86.jpg 120w, https:\/\/salesianossp.org.br\/aparecidaitaquera\/wp-content\/uploads\/2021\/05\/historico2-750x531.jpg 750w, https:\/\/salesianossp.org.br\/aparecidaitaquera\/wp-content\/uploads\/2021\/05\/historico2-1140x808.jpg 1140w\" sizes=\"(max-width:767px) 411px, 411px\" \/>Dia 6 de junho de 1981, a tarde, reuni\u00e3o informal com os dirigentes dos v\u00e1rios grupos da comunidade: grupos da pastoral oper\u00e1ria, grupo dos vicentinos, do Apostolado da ora\u00e7\u00e3o, Catequistas.<\/p><p class=\"p4\">Dia 7 de junho de 1981, missa \u00e0s 8h e depois batizados. In\u00edcio do trabalho das irm\u00e3s salesianas: irm\u00e3 Bernadete e irm\u00e3 Maria da Costa.<span class=\"Apple-converted-space\">\u00a0<\/span><\/p><p class=\"p4\">Dia 12 de outubro (Dia de Nossa Senhora Aparecida), missa \u00e0s 8h30 com grande participa\u00e7\u00e3o. \u00c0s 10h, tem in\u00edcio a Festa da Crian\u00e7a.<span class=\"Apple-converted-space\">\u00a0<\/span><\/p><p class=\"p4\">\u00c0s 15h b\u00ean\u00e7\u00e3o dos doentes. Repentinamente come\u00e7ou a chover muito forte. Todos estavam preocupados com a prociss\u00e3o marcada para \u00e0s 16h30. Menos o P. Rosalvino estava preocupado. Disse v\u00e1rias vezes que Nossa Senhora estava sabendo do nosso hor\u00e1rio. E \u00e0s 16h30 em ponto, a chuva parou, o sol apareceu e sa\u00edmos em prociss\u00e3o pelos quarteir\u00f5es mais pr\u00f3ximos e finalmente tudo terminou com a missa campal.<span class=\"Apple-converted-space\">\u00a0<\/span><\/p>\t\t\t\t\t\t\t\t<\/div>\n\t\t\t\t<\/div>\n\t\t\t\t<div class=\"elementor-element elementor-element-f3d5115 elementor-widget elementor-widget-text-editor\" data-id=\"f3d5115\" data-element_type=\"widget\" data-e-type=\"widget\" data-widget_type=\"text-editor.default\">\n\t\t\t\t<div class=\"elementor-widget-container\">\n\t\t\t\t\t\t\t\t\t<p style=\"text-align: center;\"><a href=\"https:\/\/salesianossp.org.br\/aparecidaitaquera\/wp-content\/uploads\/2021\/05\/Primeira-Posse.pdf\">Acesse o Documento da Primeira Posse<\/a><\/p><p style=\"text-align: center;\"><a href=\"https:\/\/salesianossp.org.br\/aparecidaitaquera\/wp-content\/uploads\/2021\/05\/Convite-da-Primeira-Festa-de-Nossa-Senhora-Aparecida.pdf\">Acesse o Convite da Primeira Festa de Nossa Senhora Aparecida<\/a><\/p>\t\t\t\t\t\t\t\t<\/div>\n\t\t\t\t<\/div>\n\t\t\t\t<div class=\"elementor-element elementor-element-43b2e0c elementor-widget elementor-widget-gallery\" data-id=\"43b2e0c\" data-element_type=\"widget\" data-e-type=\"widget\" data-settings=\"{&quot;lazyload&quot;:&quot;yes&quot;,&quot;gallery_layout&quot;:&quot;grid&quot;,&quot;columns&quot;:4,&quot;columns_tablet&quot;:2,&quot;columns_mobile&quot;:1,&quot;gap&quot;:{&quot;unit&quot;:&quot;px&quot;,&quot;size&quot;:10,&quot;sizes&quot;:[]},&quot;gap_tablet&quot;:{&quot;unit&quot;:&quot;px&quot;,&quot;size&quot;:10,&quot;sizes&quot;:[]},&quot;gap_mobile&quot;:{&quot;unit&quot;:&quot;px&quot;,&quot;size&quot;:10,&quot;sizes&quot;:[]},&quot;link_to&quot;:&quot;file&quot;,&quot;aspect_ratio&quot;:&quot;3:2&quot;,&quot;overlay_background&quot;:&quot;yes&quot;,&quot;content_hover_animation&quot;:&quot;fade-in&quot;}\" data-widget_type=\"gallery.default\">\n\t\t\t\t<div class=\"elementor-widget-container\">\n\t\t\t\t\t\t\t<div class=\"elementor-gallery__container\">\n\t\t\t\t\t\t\t<a class=\"e-gallery-item elementor-gallery-item elementor-animated-content\" href=\"https:\/\/salesianossp.org.br\/aparecidaitaquera\/wp-content\/uploads\/2021\/05\/Arquivo-8.jpeg\" data-elementor-open-lightbox=\"yes\" data-elementor-lightbox-slideshow=\"43b2e0c\" data-elementor-lightbox-title=\"Arquivo 8\" data-e-action-hash=\"#elementor-action%3Aaction%3Dlightbox%26settings%3DeyJpZCI6MTUzMSwidXJsIjoiaHR0cHM6XC9cL3NhbGVzaWFub3NzcC5vcmcuYnJcL2FwYXJlY2lkYWl0YXF1ZXJhXC93cC1jb250ZW50XC91cGxvYWRzXC8yMDIxXC8wNVwvQXJxdWl2by04LmpwZWciLCJzbGlkZXNob3ciOiI0M2IyZTBjIn0%3D\">\n\t\t\t\t\t<div class=\"e-gallery-image elementor-gallery-item__image\" data-thumbnail=\"https:\/\/salesianossp.org.br\/aparecidaitaquera\/wp-content\/uploads\/2021\/05\/Arquivo-8-300x213.jpeg\" data-width=\"300\" data-height=\"213\" aria-label=\"\" role=\"img\" ><\/div>\n\t\t\t\t\t\t\t\t\t\t\t<div class=\"elementor-gallery-item__overlay\"><\/div>\n\t\t\t\t\t\t\t\t\t\t\t\t\t\t<\/a>\n\t\t\t\t\t\t\t<a class=\"e-gallery-item elementor-gallery-item elementor-animated-content\" href=\"https:\/\/salesianossp.org.br\/aparecidaitaquera\/wp-content\/uploads\/2021\/05\/Arquivo-7.jpeg\" data-elementor-open-lightbox=\"yes\" data-elementor-lightbox-slideshow=\"43b2e0c\" data-elementor-lightbox-title=\"Arquivo 7\" data-e-action-hash=\"#elementor-action%3Aaction%3Dlightbox%26settings%3DeyJpZCI6MTUzMCwidXJsIjoiaHR0cHM6XC9cL3NhbGVzaWFub3NzcC5vcmcuYnJcL2FwYXJlY2lkYWl0YXF1ZXJhXC93cC1jb250ZW50XC91cGxvYWRzXC8yMDIxXC8wNVwvQXJxdWl2by03LmpwZWciLCJzbGlkZXNob3ciOiI0M2IyZTBjIn0%3D\">\n\t\t\t\t\t<div class=\"e-gallery-image elementor-gallery-item__image\" data-thumbnail=\"https:\/\/salesianossp.org.br\/aparecidaitaquera\/wp-content\/uploads\/2021\/05\/Arquivo-7-300x225.jpeg\" data-width=\"300\" data-height=\"225\" aria-label=\"\" role=\"img\" ><\/div>\n\t\t\t\t\t\t\t\t\t\t\t<div class=\"elementor-gallery-item__overlay\"><\/div>\n\t\t\t\t\t\t\t\t\t\t\t\t\t\t<\/a>\n\t\t\t\t\t\t\t<a class=\"e-gallery-item elementor-gallery-item elementor-animated-content\" href=\"https:\/\/salesianossp.org.br\/aparecidaitaquera\/wp-content\/uploads\/2021\/05\/Arquivo-6.jpeg\" data-elementor-open-lightbox=\"yes\" data-elementor-lightbox-slideshow=\"43b2e0c\" data-elementor-lightbox-title=\"Arquivo 6\" data-e-action-hash=\"#elementor-action%3Aaction%3Dlightbox%26settings%3DeyJpZCI6MTUyOSwidXJsIjoiaHR0cHM6XC9cL3NhbGVzaWFub3NzcC5vcmcuYnJcL2FwYXJlY2lkYWl0YXF1ZXJhXC93cC1jb250ZW50XC91cGxvYWRzXC8yMDIxXC8wNVwvQXJxdWl2by02LmpwZWciLCJzbGlkZXNob3ciOiI0M2IyZTBjIn0%3D\">\n\t\t\t\t\t<div class=\"e-gallery-image elementor-gallery-item__image\" data-thumbnail=\"https:\/\/salesianossp.org.br\/aparecidaitaquera\/wp-content\/uploads\/2021\/05\/Arquivo-6-300x198.jpeg\" data-width=\"300\" data-height=\"198\" aria-label=\"\" role=\"img\" ><\/div>\n\t\t\t\t\t\t\t\t\t\t\t<div class=\"elementor-gallery-item__overlay\"><\/div>\n\t\t\t\t\t\t\t\t\t\t\t\t\t\t<\/a>\n\t\t\t\t\t\t\t<a class=\"e-gallery-item elementor-gallery-item elementor-animated-content\" href=\"https:\/\/salesianossp.org.br\/aparecidaitaquera\/wp-content\/uploads\/2021\/05\/Arquivo-5.jpeg\" data-elementor-open-lightbox=\"yes\" data-elementor-lightbox-slideshow=\"43b2e0c\" data-elementor-lightbox-title=\"Arquivo 5\" data-e-action-hash=\"#elementor-action%3Aaction%3Dlightbox%26settings%3DeyJpZCI6MTUyOCwidXJsIjoiaHR0cHM6XC9cL3NhbGVzaWFub3NzcC5vcmcuYnJcL2FwYXJlY2lkYWl0YXF1ZXJhXC93cC1jb250ZW50XC91cGxvYWRzXC8yMDIxXC8wNVwvQXJxdWl2by01LmpwZWciLCJzbGlkZXNob3ciOiI0M2IyZTBjIn0%3D\">\n\t\t\t\t\t<div class=\"e-gallery-image elementor-gallery-item__image\" data-thumbnail=\"https:\/\/salesianossp.org.br\/aparecidaitaquera\/wp-content\/uploads\/2021\/05\/Arquivo-5-204x300.jpeg\" data-width=\"204\" data-height=\"300\" aria-label=\"\" role=\"img\" ><\/div>\n\t\t\t\t\t\t\t\t\t\t\t<div class=\"elementor-gallery-item__overlay\"><\/div>\n\t\t\t\t\t\t\t\t\t\t\t\t\t\t<\/a>\n\t\t\t\t\t\t\t<a class=\"e-gallery-item elementor-gallery-item elementor-animated-content\" href=\"https:\/\/salesianossp.org.br\/aparecidaitaquera\/wp-content\/uploads\/2021\/05\/Arquivo-4.jpeg\" data-elementor-open-lightbox=\"yes\" data-elementor-lightbox-slideshow=\"43b2e0c\" data-elementor-lightbox-title=\"Arquivo 4\" data-e-action-hash=\"#elementor-action%3Aaction%3Dlightbox%26settings%3DeyJpZCI6MTUyNywidXJsIjoiaHR0cHM6XC9cL3NhbGVzaWFub3NzcC5vcmcuYnJcL2FwYXJlY2lkYWl0YXF1ZXJhXC93cC1jb250ZW50XC91cGxvYWRzXC8yMDIxXC8wNVwvQXJxdWl2by00LmpwZWciLCJzbGlkZXNob3ciOiI0M2IyZTBjIn0%3D\">\n\t\t\t\t\t<div class=\"e-gallery-image elementor-gallery-item__image\" data-thumbnail=\"https:\/\/salesianossp.org.br\/aparecidaitaquera\/wp-content\/uploads\/2021\/05\/Arquivo-4-300x228.jpeg\" data-width=\"300\" data-height=\"228\" aria-label=\"\" role=\"img\" ><\/div>\n\t\t\t\t\t\t\t\t\t\t\t<div class=\"elementor-gallery-item__overlay\"><\/div>\n\t\t\t\t\t\t\t\t\t\t\t\t\t\t<\/a>\n\t\t\t\t\t\t\t<a class=\"e-gallery-item elementor-gallery-item elementor-animated-content\" href=\"https:\/\/salesianossp.org.br\/aparecidaitaquera\/wp-content\/uploads\/2021\/05\/Arquivo-3.jpeg\" data-elementor-open-lightbox=\"yes\" data-elementor-lightbox-slideshow=\"43b2e0c\" data-elementor-lightbox-title=\"Arquivo 3\" data-e-action-hash=\"#elementor-action%3Aaction%3Dlightbox%26settings%3DeyJpZCI6MTUyNiwidXJsIjoiaHR0cHM6XC9cL3NhbGVzaWFub3NzcC5vcmcuYnJcL2FwYXJlY2lkYWl0YXF1ZXJhXC93cC1jb250ZW50XC91cGxvYWRzXC8yMDIxXC8wNVwvQXJxdWl2by0zLmpwZWciLCJzbGlkZXNob3ciOiI0M2IyZTBjIn0%3D\">\n\t\t\t\t\t<div class=\"e-gallery-image elementor-gallery-item__image\" data-thumbnail=\"https:\/\/salesianossp.org.br\/aparecidaitaquera\/wp-content\/uploads\/2021\/05\/Arquivo-3-300x197.jpeg\" data-width=\"300\" data-height=\"197\" aria-label=\"\" role=\"img\" ><\/div>\n\t\t\t\t\t\t\t\t\t\t\t<div class=\"elementor-gallery-item__overlay\"><\/div>\n\t\t\t\t\t\t\t\t\t\t\t\t\t\t<\/a>\n\t\t\t\t\t\t\t<a class=\"e-gallery-item elementor-gallery-item elementor-animated-content\" href=\"https:\/\/salesianossp.org.br\/aparecidaitaquera\/wp-content\/uploads\/2021\/05\/Arquivo-2.jpeg\" data-elementor-open-lightbox=\"yes\" data-elementor-lightbox-slideshow=\"43b2e0c\" data-elementor-lightbox-title=\"Arquivo 2\" data-e-action-hash=\"#elementor-action%3Aaction%3Dlightbox%26settings%3DeyJpZCI6MTUyNCwidXJsIjoiaHR0cHM6XC9cL3NhbGVzaWFub3NzcC5vcmcuYnJcL2FwYXJlY2lkYWl0YXF1ZXJhXC93cC1jb250ZW50XC91cGxvYWRzXC8yMDIxXC8wNVwvQXJxdWl2by0yLmpwZWciLCJzbGlkZXNob3ciOiI0M2IyZTBjIn0%3D\">\n\t\t\t\t\t<div class=\"e-gallery-image elementor-gallery-item__image\" data-thumbnail=\"https:\/\/salesianossp.org.br\/aparecidaitaquera\/wp-content\/uploads\/2021\/05\/Arquivo-2-300x215.jpeg\" data-width=\"300\" data-height=\"215\" aria-label=\"\" role=\"img\" ><\/div>\n\t\t\t\t\t\t\t\t\t\t\t<div class=\"elementor-gallery-item__overlay\"><\/div>\n\t\t\t\t\t\t\t\t\t\t\t\t\t\t<\/a>\n\t\t\t\t\t\t\t<a class=\"e-gallery-item elementor-gallery-item elementor-animated-content\" href=\"https:\/\/salesianossp.org.br\/aparecidaitaquera\/wp-content\/uploads\/2021\/05\/Arquivo-1.jpeg\" data-elementor-open-lightbox=\"yes\" data-elementor-lightbox-slideshow=\"43b2e0c\" data-elementor-lightbox-title=\"Arquivo 1\" data-e-action-hash=\"#elementor-action%3Aaction%3Dlightbox%26settings%3DeyJpZCI6MTUyMywidXJsIjoiaHR0cHM6XC9cL3NhbGVzaWFub3NzcC5vcmcuYnJcL2FwYXJlY2lkYWl0YXF1ZXJhXC93cC1jb250ZW50XC91cGxvYWRzXC8yMDIxXC8wNVwvQXJxdWl2by0xLmpwZWciLCJzbGlkZXNob3ciOiI0M2IyZTBjIn0%3D\">\n\t\t\t\t\t<div class=\"e-gallery-image elementor-gallery-item__image\" data-thumbnail=\"https:\/\/salesianossp.org.br\/aparecidaitaquera\/wp-content\/uploads\/2021\/05\/Arquivo-1-195x300.jpeg\" data-width=\"195\" data-height=\"300\" aria-label=\"\" role=\"img\" ><\/div>\n\t\t\t\t\t\t\t\t\t\t\t<div class=\"elementor-gallery-item__overlay\"><\/div>\n\t\t\t\t\t\t\t\t\t\t\t\t\t\t<\/a>\n\t\t\t\t\t\t\t<a class=\"e-gallery-item elementor-gallery-item elementor-animated-content\" href=\"https:\/\/salesianossp.org.br\/aparecidaitaquera\/wp-content\/uploads\/2021\/05\/historico2.jpg\" data-elementor-open-lightbox=\"yes\" data-elementor-lightbox-slideshow=\"43b2e0c\" data-elementor-lightbox-title=\"historico2\" data-e-action-hash=\"#elementor-action%3Aaction%3Dlightbox%26settings%3DeyJpZCI6MTQ2MywidXJsIjoiaHR0cHM6XC9cL3NhbGVzaWFub3NzcC5vcmcuYnJcL2FwYXJlY2lkYWl0YXF1ZXJhXC93cC1jb250ZW50XC91cGxvYWRzXC8yMDIxXC8wNVwvaGlzdG9yaWNvMi5qcGciLCJzbGlkZXNob3ciOiI0M2IyZTBjIn0%3D\">\n\t\t\t\t\t<div class=\"e-gallery-image elementor-gallery-item__image\" data-thumbnail=\"https:\/\/salesianossp.org.br\/aparecidaitaquera\/wp-content\/uploads\/2021\/05\/historico2-300x213.jpg\" data-width=\"300\" data-height=\"213\" aria-label=\"\" role=\"img\" ><\/div>\n\t\t\t\t\t\t\t\t\t\t\t<div class=\"elementor-gallery-item__overlay\"><\/div>\n\t\t\t\t\t\t\t\t\t\t\t\t\t\t<\/a>\n\t\t\t\t\t\t\t<a class=\"e-gallery-item elementor-gallery-item elementor-animated-content\" href=\"https:\/\/salesianossp.org.br\/aparecidaitaquera\/wp-content\/uploads\/2021\/05\/historico1.jpg\" data-elementor-open-lightbox=\"yes\" data-elementor-lightbox-slideshow=\"43b2e0c\" data-elementor-lightbox-title=\"historico1\" data-e-action-hash=\"#elementor-action%3Aaction%3Dlightbox%26settings%3DeyJpZCI6MTQ2MiwidXJsIjoiaHR0cHM6XC9cL3NhbGVzaWFub3NzcC5vcmcuYnJcL2FwYXJlY2lkYWl0YXF1ZXJhXC93cC1jb250ZW50XC91cGxvYWRzXC8yMDIxXC8wNVwvaGlzdG9yaWNvMS5qcGciLCJzbGlkZXNob3ciOiI0M2IyZTBjIn0%3D\">\n\t\t\t\t\t<div class=\"e-gallery-image elementor-gallery-item__image\" data-thumbnail=\"https:\/\/salesianossp.org.br\/aparecidaitaquera\/wp-content\/uploads\/2021\/05\/historico1-300x225.jpg\" data-width=\"300\" data-height=\"225\" aria-label=\"\" role=\"img\" ><\/div>\n\t\t\t\t\t\t\t\t\t\t\t<div class=\"elementor-gallery-item__overlay\"><\/div>\n\t\t\t\t\t\t\t\t\t\t\t\t\t\t<\/a>\n\t\t\t\t\t<\/div>\n\t\t\t\t\t<\/div>\n\t\t\t\t<\/div>\n\t\t\t\t<div class=\"elementor-element elementor-element-df0965d elementor-widget elementor-widget-text-editor\" data-id=\"df0965d\" data-element_type=\"widget\" data-e-type=\"widget\" data-widget_type=\"text-editor.default\">\n\t\t\t\t<div class=\"elementor-widget-container\">\n\t\t\t\t\t\t\t\t\t<p class=\"p5\" style=\"text-align: center;\"><span class=\"s1\"><b>ATA DE INSTALA\u00c7\u00c3O DA PAR\u00d3QUIA DE NOSSA SENHORA APARECIDA<br \/><\/b><a href=\"https:\/\/salesianossp.org.br\/aparecidaitaquera\/wp-content\/uploads\/2021\/05\/ATA-DE-INSTALAC\u0327A\u0303O-DA-PARO\u0301QUIA-DE-NOSSA-SENHORA-APARECIDA.pdf\" target=\"_blank\" rel=\"noopener\">acesse o documento aqui<\/a><\/span><\/p><p class=\"p4\">No dia 03 de dezembro de 1989, durante a celebra\u00e7\u00e3o eucar\u00edstica, com a presen\u00e7a do Senhor Bispo Diocesano de S\u00e3o Miguel Paulista, Dom Fernando Legal, do Padre Provincial dos Salesianos de Dom Bosco, P. Luiz Gonzaga Piccoli, e ainda dos Padres Narciso Ferreira e Ant\u00f4nio Francisco Lelo, procedeu-se \u00e0 instala\u00e7\u00e3o da Par\u00f3quia de Nossa Senhora Aparecida e a tomada de posse do seu primeiro p\u00e1roco, na pessoa do Sr. P. Rosalvino Mor\u00e1n Vi\u00f1ayo.<\/p><p class=\"p4\">A nova par\u00f3quia foi desmembrada das comunidades paroquiais de Nossa Senhora do Carmo Nossa Senhora das Gra\u00e7as e S. Jos\u00e9 Oper\u00e1rio. Abriga no seu territ\u00f3rio tr\u00eas comunidades j\u00e1 constitu\u00eddas: Nossa Senhora Aparecida, que passa a ser Matriz, Santo Ant\u00f4nio de V. Klauning e S\u00e3o Jos\u00e9 Oper\u00e1rio de V. Morgante.<\/p><p class=\"p4\">Estes atos transcorreram, como j\u00e1 foi dito, durante a celebra\u00e7\u00e3o do 1\u00baDomingo do Advento. Precedendo e preparando o in\u00edcio da Eucaristia, o povo se reuniu diante da EEPG Geraldo Domingos Cortez, tendo vindo em prociss\u00e3o das pr\u00f3prias comunidades. Ali se encontram, tendo \u00e0 frente o P. Rosalvino. As tr\u00eas comunidades, est\u00e3o juntas, vieram profissionalmente \u00e0 Matriz, onde estava o Bispo, o povo reunido.<\/p><p class=\"p4\">Uma vez constitu\u00edda a assembleia, e feita a sauda\u00e7\u00e3o ao Bispo e ao povo ali reunido, procedeu-se \u00e0 leitura do decreto de instala\u00e7\u00e3o da par\u00f3quia, pelo P. Piccoli, ao que o povo respondeu aclamando com uma grande salva de palmas. Instalada a par\u00f3quia, o P. Rosalvino proclamou o Evangelho, assim como prescreveu o Cerimonial dos Bispos para esta ocasi\u00e3o.<span class=\"Apple-converted-space\">\u00a0<\/span><\/p><p class=\"p4\">Dom Fernando, ent\u00e3o, dirigiu ao povo a palavra, explicando o Evangelho, ao mesmo tempo em que situava a nova configura\u00e7\u00e3o das comunidades agora criadas como par\u00f3quia, e as responsabilidades da\u00ed decorrentes.<\/p><p class=\"p4\">Neste momento, ap\u00f3s a homilia, deu-se a tomada de posse do p\u00e1roco. O P. Narciso Ferreira leu o documento de provis\u00e3o, e, em seguida, o Senhor Bispo convidou o P. Rosalvino a renovar a profiss\u00e3o de f\u00e9, o que ele fez, em nome de todo o povo que naquele momento lhe estava sendo confiado. A seguir, renovou tamb\u00e9m as promessas feitas no dia de sua ordena\u00e7\u00e3o sacerdotal, em sinal de compromisso com a nova miss\u00e3o que lhe estava sendo confiada. Por fim, simbolizando a posse de seu novo cargo, acompanhado do Senhor Bispo e de representantes do povo, P. Rosalvino adentrou a igreja visitando o sacr\u00e1rio, a pia batismal e demais depend\u00eancias onde exercer\u00e1 o seu minist\u00e9rio pastoral.<\/p><p class=\"p4\">Prosseguiu a celebra\u00e7\u00e3o com apresenta\u00e7\u00e3o de ofertas onde cada comunidade trouxe um s\u00edmbolo da sua caminhada, querendo com isto juntar os esfor\u00e7os numa caminhada comum. A liturgia eucar\u00edstica foi como de costume, acompanhada com muita anima\u00e7\u00e3o e fervor pelo povo. Um momento de intensa emo\u00e7\u00e3o e piedade foi a comunh\u00e3o, recebida devotamente pelo povo presente.<\/p><p class=\"p4\">Como a\u00e7\u00e3o de gra\u00e7as, tr\u00eas momentos se destacaram. Primeiramente, a Dona Benedita, em nome de toda a comunidade paroquial, ofereceu ao P. Rosalvino em vaso com plantas e flores, sinal do Advento, esperan\u00e7a do Menino que vem, o sinal da vida nova da rec\u00e9m instalada par\u00f3quia. O segundo momento foi a b\u00ean\u00e7\u00e3o dos p\u00e3es, trazidos e ofertados para serem distribu\u00eddos ao povo, em sinal de comunh\u00e3o e partilha. Por \u00faltimo, o novi\u00e7o Ant\u00f4nio Carlos Martins apresentou um painel onde se expressava a comunh\u00e3o no amor, sinal distintivo das comunidades.<\/p><p class=\"p4\">Finalizando, agradeceram aos presentes o P. Piccoli, logo seguido pelo P. Rosalvino; ressaltaram ambos a necessidade de uni\u00e3o e de que se caminhe decididamente em dire\u00e7\u00e3o a obras e trabalhos sempre mais no meio do povo, bem como agradecimento a tantos que trabalham nestas nossas comunidades.<\/p><p class=\"p4\">Com a ben\u00e7\u00e3o do Bispo, foi despedido o povo, que retornou a suas casas na alegria na certeza de ter vivido um momento de gra\u00e7a. Que nossa Senhora Aparecida, a padroeira da nova comunidade paroquial, nos ajude a ser fi\u00e9is a seu divino Filho.<\/p><p class=\"p4\">Para constar, lavrei a presente ata que assino, bem como os membros dos conselhos das comunidades demais pessoas presentes ao ato.<\/p><p class=\"p4\">Dom Fernando Legal Bispo Diocesano de S\u00e3o Miguel Paulista<\/p><p class=\"p4\">P. Luiz Gonzaga Piccoli &#8211; Provincial dos Salesianos de Dom Bosco<\/p><p class=\"p4\">P. Narciso Pereira<\/p><p class=\"p4\">P. Ant\u00f4nio Francisco Lelo<\/p><p class=\"p4\">P. Rosalvino Moren Vi\u00f1nyo &#8211; P\u00e1roco<\/p><p class=\"p4\">Conselheiros das comunidades.<\/p>\t\t\t\t\t\t\t\t<\/div>\n\t\t\t\t<\/div>\n\t\t\t\t\t<\/div>\n\t\t<\/div>\n\t\t\t\t\t<\/div>\n\t\t<\/section>\n\t\t\t\t<\/div>\n\t\t","protected":false},"excerpt":{"rendered":"<p>Nossa Hist\u00f3ria HIST\u00d3RIA DA PAR\u00d3QUIA NOSSA SENHORA APARECIDA \u2013 ITAQUERA-SP Dia 31 de maio de 1981, fim do m\u00eas dedicado \u00e0 Nossa Senhora Auxiliadora e in\u00edcio<span class=\"excerpt-hellip\"> [\u2026]<\/span><\/p>\n","protected":false},"author":93,"featured_media":0,"parent":0,"menu_order":0,"comment_status":"closed","ping_status":"closed","template":"","meta":{"footnotes":""},"class_list":["post-188","page","type-page","status-publish","hentry"],"_links":{"self":[{"href":"https:\/\/salesianossp.org.br\/aparecidaitaquera\/wp-json\/wp\/v2\/pages\/188","targetHints":{"allow":["GET"]}}],"collection":[{"href":"https:\/\/salesianossp.org.br\/aparecidaitaquera\/wp-json\/wp\/v2\/pages"}],"about":[{"href":"https:\/\/salesianossp.org.br\/aparecidaitaquera\/wp-json\/wp\/v2\/types\/page"}],"author":[{"embeddable":true,"href":"https:\/\/salesianossp.org.br\/aparecidaitaquera\/wp-json\/wp\/v2\/users\/93"}],"replies":[{"embeddable":true,"href":"https:\/\/salesianossp.org.br\/aparecidaitaquera\/wp-json\/wp\/v2\/comments?post=188"}],"version-history":[{"count":17,"href":"https:\/\/salesianossp.org.br\/aparecidaitaquera\/wp-json\/wp\/v2\/pages\/188\/revisions"}],"predecessor-version":[{"id":1676,"href":"https:\/\/salesianossp.org.br\/aparecidaitaquera\/wp-json\/wp\/v2\/pages\/188\/revisions\/1676"}],"wp:attachment":[{"href":"https:\/\/salesianossp.org.br\/aparecidaitaquera\/wp-json\/wp\/v2\/media?parent=188"}],"curies":[{"name":"wp","href":"https:\/\/api.w.org\/{rel}","templated":true}]}}