{"version":"1.0","provider_name":"Instituto Dom Bosco","provider_url":"https:\/\/salesianossp.org.br\/osbomretiro","title":"Visitas, Forma\u00e7\u00f5es e Conv\u00edvio no CEDESP Bom Retiro&nbsp; - Instituto Dom Bosco","type":"rich","width":600,"height":338,"html":"<blockquote class=\"wp-embedded-content\" data-secret=\"pIaU7CD9Db\"><a href=\"https:\/\/salesianossp.org.br\/osbomretiro\/visitas-formacoes-e-convivio-no-cedesp-bom-retiro\/\"><strong>Visitas, Forma\u00e7\u00f5es e Conv\u00edvio no CEDESP Bom Retiro&nbsp;<\/strong><\/a><\/blockquote><iframe sandbox=\"allow-scripts\" security=\"restricted\" src=\"https:\/\/salesianossp.org.br\/osbomretiro\/visitas-formacoes-e-convivio-no-cedesp-bom-retiro\/embed\/#?secret=pIaU7CD9Db\" width=\"600\" height=\"338\" title=\"&#8220;&lt;strong&gt;Visitas, Forma\u00e7\u00f5es e Conv\u00edvio no CEDESP Bom Retiro&nbsp;&lt;\/strong&gt;&#8221; &#8212; Instituto Dom Bosco\" data-secret=\"pIaU7CD9Db\" frameborder=\"0\" marginwidth=\"0\" marginheight=\"0\" scrolling=\"no\" class=\"wp-embedded-content\"><\/iframe><script>\n\/*! This file is auto-generated *\/\n!function(d,l){\"use strict\";l.querySelector&&d.addEventListener&&\"undefined\"!=typeof URL&&(d.wp=d.wp||{},d.wp.receiveEmbedMessage||(d.wp.receiveEmbedMessage=function(e){var t=e.data;if((t||t.secret||t.message||t.value)&&!\/[^a-zA-Z0-9]\/.test(t.secret)){for(var s,r,n,a=l.querySelectorAll('iframe[data-secret=\"'+t.secret+'\"]'),o=l.querySelectorAll('blockquote[data-secret=\"'+t.secret+'\"]'),c=new RegExp(\"^https?:$\",\"i\"),i=0;i<o.length;i++)o[i].style.display=\"none\";for(i=0;i<a.length;i++)s=a[i],e.source===s.contentWindow&&(s.removeAttribute(\"style\"),\"height\"===t.message?(1e3<(r=parseInt(t.value,10))?r=1e3:~~r<200&&(r=200),s.height=r):\"link\"===t.message&&(r=new URL(s.getAttribute(\"src\")),n=new URL(t.value),c.test(n.protocol))&&n.host===r.host&&l.activeElement===s&&(d.top.location.href=t.value))}},d.addEventListener(\"message\",d.wp.receiveEmbedMessage,!1),l.addEventListener(\"DOMContentLoaded\",function(){for(var e,t,s=l.querySelectorAll(\"iframe.wp-embedded-content\"),r=0;r<s.length;r++)(t=(e=s[r]).getAttribute(\"data-secret\"))||(t=Math.random().toString(36).substring(2,12),e.src+=\"#?secret=\"+t,e.setAttribute(\"data-secret\",t)),e.contentWindow.postMessage({message:\"ready\",secret:t},\"*\")},!1)))}(window,document);\n\/\/# sourceURL=https:\/\/salesianossp.org.br\/osbomretiro\/wp-includes\/js\/wp-embed.min.js\n<\/script>\n","thumbnail_url":"https:\/\/salesianossp.org.br\/osbomretiro\/wp-content\/uploads\/2022\/10\/Publicacoes-IDB-2-1-1024x1024.png","thumbnail_width":1024,"thumbnail_height":1024,"description":"Durante o m\u00eas de setembro o CEDESP Bom Retiro realizou visitas virtuais guiadas com as empresas: Faber-Castell e Natura, al\u00e9m das forma\u00e7\u00f5es com a Equipe da Cummins e reuni\u00e3o de fam\u00edlia&nbsp; Reuni\u00e3o de Fam\u00edlia Forma\u00e7\u00e3o e Informa\u00e7\u00e3o&nbsp; No dia 14, com o objetivo de promover orienta\u00e7\u00e3o no \u00e2mbito conv\u00edvio, a Coordena\u00e7\u00e3o e Equipe do CEDESP [&hellip;]"}

Visitas, Formações e Convívio no CEDESP Bom Retiro&nbsp; - Instituto Dom Bosco

<blockquote class="wp-embedded-content" data-secret="pIaU7CD9Db"><a href="https://salesianossp.org.br/osbomretiro/visitas-formacoes-e-convivio-no-cedesp-bom-retiro/"><strong>Visitas, Formações e Convívio no CEDESP Bom Retiro&nbsp;</strong></a></blockquote><iframe sandbox="allow-scripts" security="restricted" src="https://salesianossp.org.br/osbomretiro/visitas-formacoes-e-convivio-no-cedesp-bom-retiro/embed/#?secret=pIaU7CD9Db" width="600" height="338" title="&#8220;&lt;strong&gt;Visitas, Formações e Convívio no CEDESP Bom Retiro&nbsp;&lt;/strong&gt;&#8221; &#8212; Instituto Dom Bosco" data-secret="pIaU7CD9Db" frameborder="0" marginwidth="0" marginheight="0" scrolling="no" class="wp-embedded-content"></iframe><script>
/*! This file is auto-generated */
!function(d,l){"use strict";l.querySelector&&d.addEventListener&&"undefined"!=typeof URL&&(d.wp=d.wp||{},d.wp.receiveEmbedMessage||(d.wp.receiveEmbedMessage=function(e){var t=e.data;if((t||t.secret||t.message||t.value)&&!/[^a-zA-Z0-9]/.test(t.secret)){for(var s,r,n,a=l.querySelectorAll('iframe[data-secret="'+t.secret+'"]'),o=l.querySelectorAll('blockquote[data-secret="'+t.secret+'"]'),c=new RegExp("^https?:$","i"),i=0;i<o.length;i++)o[i].style.display="none";for(i=0;i<a.length;i++)s=a[i],e.source===s.contentWindow&&(s.removeAttribute("style"),"height"===t.message?(1e3<(r=parseInt(t.value,10))?r=1e3:~~r<200&&(r=200),s.height=r):"link"===t.message&&(r=new URL(s.getAttribute("src")),n=new URL(t.value),c.test(n.protocol))&&n.host===r.host&&l.activeElement===s&&(d.top.location.href=t.value))}},d.addEventListener("message",d.wp.receiveEmbedMessage,!1),l.addEventListener("DOMContentLoaded",function(){for(var e,t,s=l.querySelectorAll("iframe.wp-embedded-content"),r=0;r<s.length;r++)(t=(e=s[r]).getAttribute("data-secret"))||(t=Math.random().toString(36).substring(2,12),e.src+="#?secret="+t,e.setAttribute("data-secret",t)),e.contentWindow.postMessage({message:"ready",secret:t},"*")},!1)))}(window,document);
//# sourceURL=https://salesianossp.org.br/osbomretiro/wp-includes/js/wp-embed.min.js
</script>

Durante o mês de setembro o CEDESP Bom Retiro realizou visitas virtuais guiadas com as empresas: Faber-Castell e Natura, além das formações com a Equipe da Cummins e reunião de família&nbsp; Reunião de Família Formação e Informação&nbsp; No dia 14, com o objetivo de promover orientação no âmbito convívio, a Coordenação e Equipe do CEDESP [&hellip;]
