{"id":113516,"date":"2025-01-12T10:00:22","date_gmt":"2025-01-12T10:00:22","guid":{"rendered":"https:\/\/salesianossp.org.br\/oscamposdojordao\/?page_id=113516"},"modified":"2025-10-05T01:02:04","modified_gmt":"2025-10-05T01:02:04","slug":"salesianos-de-dom-bosco","status":"publish","type":"page","link":"https:\/\/salesianossp.org.br\/oscamposdojordao\/salesianos-de-dom-bosco\/","title":{"rendered":"Salesianos de Dom Bosco"},"content":{"rendered":"\t\t<div data-elementor-type=\"wp-page\" data-elementor-id=\"113516\" class=\"elementor elementor-113516\" data-elementor-post-type=\"page\">\n\t\t\t\t<section class=\"elementor-element elementor-element-be88697 e-con-full e-flex e-con e-parent\" data-id=\"be88697\" data-element_type=\"container\" data-e-type=\"container\" data-settings=\"{&quot;background_background&quot;:&quot;classic&quot;}\">\n\t\t<div class=\"elementor-element elementor-element-f54ba91 e-con-full e-flex e-con e-child\" data-id=\"f54ba91\" data-element_type=\"container\" data-e-type=\"container\" data-settings=\"{&quot;background_background&quot;:&quot;classic&quot;}\">\n\t\t\t\t<div class=\"elementor-element elementor-element-032369a jet-breadcrumbs-align-center elementor-widget elementor-widget-jet-breadcrumbs\" data-id=\"032369a\" data-element_type=\"widget\" data-e-type=\"widget\" data-widget_type=\"jet-breadcrumbs.default\">\n\t\t\t\t<div class=\"elementor-widget-container\">\n\t\t\t\t\t<div class=\"elementor-jet-breadcrumbs jet-blocks\">\n\t\t<div class=\"jet-breadcrumbs\">\n\t\t<div class=\"jet-breadcrumbs__content\">\n\t\t<div class=\"jet-breadcrumbs__wrap\"><div class=\"jet-breadcrumbs__item\"><a href=\"https:\/\/salesianossp.org.br\/oscamposdojordao\/\" class=\"jet-breadcrumbs__item-link is-home\" rel=\"home\" title=\"Home\">Home<\/a><\/div>\n\t\t<\/div>\n\t\t<\/div>\n\t\t<\/div><\/div>\t\t\t\t<\/div>\n\t\t\t\t<\/div>\n\t\t\t\t<\/div>\n\t\t\t\t<\/section>\n\t\t<section class=\"elementor-element elementor-element-6162ae8 e-flex e-con-boxed e-con e-parent\" data-id=\"6162ae8\" data-element_type=\"container\" data-e-type=\"container\">\n\t\t\t\t\t<div class=\"e-con-inner\">\n\t\t<div class=\"elementor-element elementor-element-c170aa6 e-con-full e-flex e-con e-child\" data-id=\"c170aa6\" data-element_type=\"container\" data-e-type=\"container\">\n\t\t<div class=\"elementor-element elementor-element-f3cba0a e-con-full e-flex e-con e-child\" data-id=\"f3cba0a\" data-element_type=\"container\" data-e-type=\"container\">\n\t\t<header class=\"elementor-element elementor-element-7d477c9 e-con-full e-flex e-con e-child\" data-id=\"7d477c9\" data-element_type=\"container\" data-e-type=\"container\">\n\t\t\t\t<div class=\"elementor-element elementor-element-0d81b61 elementor-widget elementor-widget-heading\" data-id=\"0d81b61\" data-element_type=\"widget\" data-e-type=\"widget\" data-widget_type=\"heading.default\">\n\t\t\t\t<div class=\"elementor-widget-container\">\n\t\t\t\t\t<h2 class=\"elementor-heading-title elementor-size-default\">Quem foi Dom Bosco<\/h2>\t\t\t\t<\/div>\n\t\t\t\t<\/div>\n\t\t\t\t<\/header>\n\t\t\t\t<div class=\"elementor-element elementor-element-660e11c elementor-widget elementor-widget-heading\" data-id=\"660e11c\" data-element_type=\"widget\" data-e-type=\"widget\" data-widget_type=\"heading.default\">\n\t\t\t\t<div class=\"elementor-widget-container\">\n\t\t\t\t\t<p class=\"elementor-heading-title elementor-size-default\">Dom Bosco foi um padre italiano, nascido em 1815 num vilarejo chamado Becchi na regi\u00e3o do Piemonte. Ao longo de sua vida, Dom Bosco sentiu-se chamado por Deus e deixou para toda a Igreja um carisma que se vive pelo trabalho aos jovens mais pobres, por meio da educa\u00e7\u00e3o e evangeliza\u00e7\u00e3o. Dom Bosco foi canonizado pelo Papa Pio XI em 1934 e foi declarado como Pai e Mestre da Juventude em 1988 pelo Papa Jo\u00e3o Paulo II.<\/p>\t\t\t\t<\/div>\n\t\t\t\t<\/div>\n\t\t\t\t<\/div>\n\t\t\t\t<\/div>\n\t\t\t\t<div class=\"elementor-element elementor-element-a35d823 elementor-widget-tablet__width-inherit elementor-widget elementor-widget-image\" data-id=\"a35d823\" data-element_type=\"widget\" data-e-type=\"widget\" data-widget_type=\"image.default\">\n\t\t\t\t<div class=\"elementor-widget-container\">\n\t\t\t\t\t\t\t\t\t\t\t\t\t\t\t<img fetchpriority=\"high\" decoding=\"async\" width=\"772\" height=\"592\" src=\"https:\/\/salesianossp.org.br\/oscamposdojordao\/wp-content\/uploads\/2025\/03\/img_prototipo_os_sdb_1.webp\" class=\"attachment-full size-full wp-image-116089\" alt=\"\" srcset=\"https:\/\/salesianossp.org.br\/oscamposdojordao\/wp-content\/uploads\/2025\/03\/img_prototipo_os_sdb_1.webp 772w, https:\/\/salesianossp.org.br\/oscamposdojordao\/wp-content\/uploads\/2025\/03\/img_prototipo_os_sdb_1-300x230.webp 300w, https:\/\/salesianossp.org.br\/oscamposdojordao\/wp-content\/uploads\/2025\/03\/img_prototipo_os_sdb_1-768x589.webp 768w\" sizes=\"(max-width: 772px) 100vw, 772px\" \/>\t\t\t\t\t\t\t\t\t\t\t\t\t\t\t<\/div>\n\t\t\t\t<\/div>\n\t\t\t\t\t<\/div>\n\t\t\t\t<\/section>\n\t\t<section class=\"elementor-element elementor-element-653d2be e-flex e-con-boxed e-con e-parent\" data-id=\"653d2be\" data-element_type=\"container\" data-e-type=\"container\">\n\t\t\t\t\t<div class=\"e-con-inner\">\n\t\t\t\t<div class=\"elementor-element elementor-element-b25b696 elementor-widget-tablet__width-inherit elementor-widget elementor-widget-image\" data-id=\"b25b696\" data-element_type=\"widget\" data-e-type=\"widget\" data-widget_type=\"image.default\">\n\t\t\t\t<div class=\"elementor-widget-container\">\n\t\t\t\t\t\t\t\t\t\t\t\t\t\t\t<img decoding=\"async\" width=\"772\" height=\"592\" src=\"https:\/\/salesianossp.org.br\/oscamposdojordao\/wp-content\/uploads\/2025\/03\/img_prototipo_os_sdb_2.webp\" class=\"attachment-full size-full wp-image-116090\" alt=\"\" srcset=\"https:\/\/salesianossp.org.br\/oscamposdojordao\/wp-content\/uploads\/2025\/03\/img_prototipo_os_sdb_2.webp 772w, https:\/\/salesianossp.org.br\/oscamposdojordao\/wp-content\/uploads\/2025\/03\/img_prototipo_os_sdb_2-300x230.webp 300w, https:\/\/salesianossp.org.br\/oscamposdojordao\/wp-content\/uploads\/2025\/03\/img_prototipo_os_sdb_2-768x589.webp 768w\" sizes=\"(max-width: 772px) 100vw, 772px\" \/>\t\t\t\t\t\t\t\t\t\t\t\t\t\t\t<\/div>\n\t\t\t\t<\/div>\n\t\t<div class=\"elementor-element elementor-element-34f9092 e-con-full e-flex e-con e-child\" data-id=\"34f9092\" data-element_type=\"container\" data-e-type=\"container\">\n\t\t<div class=\"elementor-element elementor-element-1f01029 e-con-full e-flex e-con e-child\" data-id=\"1f01029\" data-element_type=\"container\" data-e-type=\"container\">\n\t\t<header class=\"elementor-element elementor-element-581446e e-con-full e-flex e-con e-child\" data-id=\"581446e\" data-element_type=\"container\" data-e-type=\"container\">\n\t\t\t\t<div class=\"elementor-element elementor-element-533f02f elementor-widget elementor-widget-heading\" data-id=\"533f02f\" data-element_type=\"widget\" data-e-type=\"widget\" data-widget_type=\"heading.default\">\n\t\t\t\t<div class=\"elementor-widget-container\">\n\t\t\t\t\t<h2 class=\"elementor-heading-title elementor-size-default\">A Congrega\u00e7\u00e3o Salesiana<\/h2>\t\t\t\t<\/div>\n\t\t\t\t<\/div>\n\t\t\t\t<\/header>\n\t\t\t\t<div class=\"elementor-element elementor-element-562486e elementor-widget elementor-widget-heading\" data-id=\"562486e\" data-element_type=\"widget\" data-e-type=\"widget\" data-widget_type=\"heading.default\">\n\t\t\t\t<div class=\"elementor-widget-container\">\n\t\t\t\t\t<p class=\"elementor-heading-title elementor-size-default\">A Congrega\u00e7\u00e3o Salesiana foi fundada por Dom Bosco em 1859 e continua at\u00e9 hoje sua miss\u00e3o na Igreja. Constitu\u00edda por consagrados (sacerdotes e irm\u00e3os coadjutores) que decidem entregar sua vida a Deus indo ao encontro dos jovens, especialmente os mais pobres.\u2028O nome \u201csalesianos\u201d vem de S\u00e3o Francisco de Sales, proposto por Dom Bosco pela sua caracter\u00edstica fundamental: a caridade pastoral e a preocupa\u00e7\u00e3o com a evangeliza\u00e7\u00e3o por meio da imprensa. Existem no mundo aproximadamente 15 mil religiosos salesianos que est\u00e3o distribu\u00eddos em 133 pa\u00edses. S\u00e3o aproximadamente 400 mil membros na Fam\u00edlia Salesiana.<\/p>\t\t\t\t<\/div>\n\t\t\t\t<\/div>\n\t\t\t\t<\/div>\n\t\t\t\t<\/div>\n\t\t\t\t\t<\/div>\n\t\t\t\t<\/section>\n\t\t<section class=\"elementor-element elementor-element-8d49796 e-flex e-con-boxed e-con e-parent\" data-id=\"8d49796\" data-element_type=\"container\" data-e-type=\"container\">\n\t\t\t\t\t<div class=\"e-con-inner\">\n\t\t<div class=\"elementor-element elementor-element-de0c18f e-con-full e-flex e-con e-child\" data-id=\"de0c18f\" data-element_type=\"container\" data-e-type=\"container\">\n\t\t<div class=\"elementor-element elementor-element-0b4189f e-con-full e-flex e-con e-child\" data-id=\"0b4189f\" data-element_type=\"container\" data-e-type=\"container\">\n\t\t<header class=\"elementor-element elementor-element-1804b99 e-con-full e-flex e-con e-child\" data-id=\"1804b99\" data-element_type=\"container\" data-e-type=\"container\">\n\t\t\t\t<div class=\"elementor-element elementor-element-d402855 elementor-widget elementor-widget-heading\" data-id=\"d402855\" data-element_type=\"widget\" data-e-type=\"widget\" data-widget_type=\"heading.default\">\n\t\t\t\t<div class=\"elementor-widget-container\">\n\t\t\t\t\t<h2 class=\"elementor-heading-title elementor-size-default\">A pedagogia Salesiana<\/h2>\t\t\t\t<\/div>\n\t\t\t\t<\/div>\n\t\t\t\t<\/header>\n\t\t\t\t<div class=\"elementor-element elementor-element-bc41be1 elementor-widget elementor-widget-heading\" data-id=\"bc41be1\" data-element_type=\"widget\" data-e-type=\"widget\" data-widget_type=\"heading.default\">\n\t\t\t\t<div class=\"elementor-widget-container\">\n\t\t\t\t\t<p class=\"elementor-heading-title elementor-size-default\">Todas as casas salesianas usam o Sistema Preventivo de Dom Bosco, um jeito de educar com a\u00e7\u00e3o e reflex\u00e3o, um legado dos salesianos. Dom Bosco viu a import\u00e2ncia de ajudar jovens em situa\u00e7\u00e3o de risco, oferecendo educa\u00e7\u00e3o, trabalho, apoio e valores para formar pessoas boas. Seu m\u00e9todo se baseia em raz\u00e3o, religi\u00e3o e amorevolezza (afeto). A Obra Social Dom Bosco segue essa abordagem, proporcionando educa\u00e7\u00e3o completa e promovendo la\u00e7os de amizade entre educadores e alunos.<\/p>\t\t\t\t<\/div>\n\t\t\t\t<\/div>\n\t\t\t\t<div class=\"elementor-element elementor-element-8048112 cta elementor-widget elementor-widget-button\" data-id=\"8048112\" data-element_type=\"widget\" data-e-type=\"widget\" data-widget_type=\"button.default\">\n\t\t\t\t<div class=\"elementor-widget-container\">\n\t\t\t\t\t\t\t\t\t<div class=\"elementor-button-wrapper\">\n\t\t\t\t\t<a class=\"elementor-button elementor-button-link elementor-size-sm\" href=\"https:\/\/vocacional.salesianossp.org.br\/\" target=\"_blank\">\n\t\t\t\t\t\t<span class=\"elementor-button-content-wrapper\">\n\t\t\t\t\t\t<span class=\"elementor-button-icon\">\n\t\t\t\t<svg xmlns=\"http:\/\/www.w3.org\/2000\/svg\" width=\"52\" height=\"52\" viewBox=\"0 0 52 52\" fill=\"none\"><rect width=\"52\" height=\"52\" rx=\"26\" fill=\"#E63827\"><\/rect><path d=\"M26 38.5418C19.0817 38.5418 13.4584 32.9185 13.4584 26.0002C13.4584 19.0818 19.0817 13.4585 26 13.4585C26.4784 13.4585 26.875 13.8552 26.875 14.3335C26.875 14.8118 26.4784 15.2085 26 15.2085C20.05 15.2085 15.2084 20.0502 15.2084 26.0002C15.2084 31.9502 20.05 36.7918 26 36.7918C31.95 36.7918 36.7917 31.9502 36.7917 26.0002C36.7917 25.5218 37.1884 25.1252 37.6667 25.1252C38.145 25.1252 38.5417 25.5218 38.5417 26.0002C38.5417 32.9185 32.9184 38.5418 26 38.5418Z\" fill=\"#FEFAF1\"><\/path><path d=\"M27.1666 25.7083C26.945 25.7083 26.7233 25.6266 26.5483 25.4516C26.21 25.1133 26.21 24.5533 26.5483 24.2149L36.115 14.6483C36.4533 14.3099 37.0133 14.3099 37.3516 14.6483C37.69 14.9866 37.69 15.5466 37.3516 15.8849L27.785 25.4516C27.61 25.6266 27.3883 25.7083 27.1666 25.7083Z\" fill=\"#FEFAF1\"><\/path><path d=\"M37.6666 20.8435C37.1883 20.8435 36.7916 20.4468 36.7916 19.9685V15.2085H32.0316C31.5533 15.2085 31.1566 14.8118 31.1566 14.3335C31.1566 13.8552 31.5533 13.4585 32.0316 13.4585H37.6666C38.1449 13.4585 38.5416 13.8552 38.5416 14.3335V19.9685C38.5416 20.4468 38.1449 20.8435 37.6666 20.8435Z\" fill=\"#FEFAF1\"><\/path><\/svg>\t\t\t<\/span>\n\t\t\t\t\t\t\t\t\t<span class=\"elementor-button-text\">Seja um salesiano<\/span>\n\t\t\t\t\t<\/span>\n\t\t\t\t\t<\/a>\n\t\t\t\t<\/div>\n\t\t\t\t\t\t\t\t<\/div>\n\t\t\t\t<\/div>\n\t\t\t\t<\/div>\n\t\t\t\t<\/div>\n\t\t\t\t<div class=\"elementor-element elementor-element-2eaf653 elementor-widget-tablet__width-inherit elementor-widget elementor-widget-image\" data-id=\"2eaf653\" data-element_type=\"widget\" data-e-type=\"widget\" data-widget_type=\"image.default\">\n\t\t\t\t<div class=\"elementor-widget-container\">\n\t\t\t\t\t\t\t\t\t\t\t\t\t\t\t<img decoding=\"async\" width=\"772\" height=\"592\" src=\"https:\/\/salesianossp.org.br\/oscamposdojordao\/wp-content\/uploads\/2025\/03\/img_prototipo_os_sdb_3.webp\" class=\"attachment-full size-full wp-image-116091\" alt=\"\" srcset=\"https:\/\/salesianossp.org.br\/oscamposdojordao\/wp-content\/uploads\/2025\/03\/img_prototipo_os_sdb_3.webp 772w, https:\/\/salesianossp.org.br\/oscamposdojordao\/wp-content\/uploads\/2025\/03\/img_prototipo_os_sdb_3-300x230.webp 300w, https:\/\/salesianossp.org.br\/oscamposdojordao\/wp-content\/uploads\/2025\/03\/img_prototipo_os_sdb_3-768x589.webp 768w\" sizes=\"(max-width: 772px) 100vw, 772px\" \/>\t\t\t\t\t\t\t\t\t\t\t\t\t\t\t<\/div>\n\t\t\t\t<\/div>\n\t\t\t\t\t<\/div>\n\t\t\t\t<\/section>\n\t\t\t\t<\/div>\n\t\t","protected":false},"excerpt":{"rendered":"<p>Home Quem foi Dom Bosco Dom Bosco foi um padre italiano, nascido em 1815 num vilarejo chamado Becchi na regi\u00e3o do Piemonte. Ao longo de sua vida, Dom Bosco sentiu-se chamado por Deus e deixou para toda a Igreja um carisma que se vive pelo trabalho aos jovens mais pobres, por meio da educa\u00e7\u00e3o e [&hellip;]<\/p>\n","protected":false},"author":30,"featured_media":0,"parent":0,"menu_order":0,"comment_status":"closed","ping_status":"closed","template":"","meta":{"footnotes":""},"class_list":["post-113516","page","type-page","status-publish","hentry"],"yoast_head":"<!-- This site is optimized with the Yoast SEO plugin v27.3 - https:\/\/yoast.com\/product\/yoast-seo-wordpress\/ -->\n<title>Salesianos de Dom Bosco - Obra Social Santa Clara<\/title>\n<meta name=\"robots\" content=\"index, follow, max-snippet:-1, max-image-preview:large, max-video-preview:-1\" \/>\n<link rel=\"canonical\" href=\"https:\/\/salesianossp.org.br\/oscamposdojordao\/salesianos-de-dom-bosco\/\" \/>\n<meta property=\"og:locale\" content=\"pt_BR\" \/>\n<meta property=\"og:type\" content=\"article\" \/>\n<meta property=\"og:title\" content=\"Salesianos de Dom Bosco - Obra Social Santa Clara\" \/>\n<meta property=\"og:description\" content=\"Home Quem foi Dom Bosco Dom Bosco foi um padre italiano, nascido em 1815 num vilarejo chamado Becchi na regi\u00e3o do Piemonte. Ao longo de sua vida, Dom Bosco sentiu-se chamado por Deus e deixou para toda a Igreja um carisma que se vive pelo trabalho aos jovens mais pobres, por meio da educa\u00e7\u00e3o e [&hellip;]\" \/>\n<meta property=\"og:url\" content=\"https:\/\/salesianossp.org.br\/oscamposdojordao\/salesianos-de-dom-bosco\/\" \/>\n<meta property=\"og:site_name\" content=\"Obra Social Santa Clara\" \/>\n<meta property=\"article:modified_time\" content=\"2025-10-05T01:02:04+00:00\" \/>\n<meta property=\"og:image\" content=\"https:\/\/salesianossp.org.br\/oscamposdojordao\/wp-content\/uploads\/2025\/03\/img_prototipo_os_sdb_1.webp\" \/>\n\t<meta property=\"og:image:width\" content=\"772\" \/>\n\t<meta property=\"og:image:height\" content=\"592\" \/>\n\t<meta property=\"og:image:type\" content=\"image\/webp\" \/>\n<meta name=\"twitter:card\" content=\"summary_large_image\" \/>\n<meta name=\"twitter:label1\" content=\"Est. tempo de leitura\" \/>\n\t<meta name=\"twitter:data1\" content=\"1 minuto\" \/>\n<script type=\"application\/ld+json\" class=\"yoast-schema-graph\">{\"@context\":\"https:\\\/\\\/schema.org\",\"@graph\":[{\"@type\":\"WebPage\",\"@id\":\"https:\\\/\\\/salesianossp.org.br\\\/oscamposdojordao\\\/salesianos-de-dom-bosco\\\/\",\"url\":\"https:\\\/\\\/salesianossp.org.br\\\/oscamposdojordao\\\/salesianos-de-dom-bosco\\\/\",\"name\":\"Salesianos de Dom Bosco - Obra Social Santa Clara\",\"isPartOf\":{\"@id\":\"https:\\\/\\\/salesianossp.org.br\\\/oscamposdojordao\\\/#website\"},\"primaryImageOfPage\":{\"@id\":\"https:\\\/\\\/salesianossp.org.br\\\/oscamposdojordao\\\/salesianos-de-dom-bosco\\\/#primaryimage\"},\"image\":{\"@id\":\"https:\\\/\\\/salesianossp.org.br\\\/oscamposdojordao\\\/salesianos-de-dom-bosco\\\/#primaryimage\"},\"thumbnailUrl\":\"https:\\\/\\\/salesianossp.org.br\\\/oscamposdojordao\\\/wp-content\\\/uploads\\\/2025\\\/03\\\/img_prototipo_os_sdb_1.webp\",\"datePublished\":\"2025-01-12T10:00:22+00:00\",\"dateModified\":\"2025-10-05T01:02:04+00:00\",\"breadcrumb\":{\"@id\":\"https:\\\/\\\/salesianossp.org.br\\\/oscamposdojordao\\\/salesianos-de-dom-bosco\\\/#breadcrumb\"},\"inLanguage\":\"pt-BR\",\"potentialAction\":[{\"@type\":\"ReadAction\",\"target\":[\"https:\\\/\\\/salesianossp.org.br\\\/oscamposdojordao\\\/salesianos-de-dom-bosco\\\/\"]}]},{\"@type\":\"ImageObject\",\"inLanguage\":\"pt-BR\",\"@id\":\"https:\\\/\\\/salesianossp.org.br\\\/oscamposdojordao\\\/salesianos-de-dom-bosco\\\/#primaryimage\",\"url\":\"https:\\\/\\\/salesianossp.org.br\\\/oscamposdojordao\\\/wp-content\\\/uploads\\\/2025\\\/03\\\/img_prototipo_os_sdb_1.webp\",\"contentUrl\":\"https:\\\/\\\/salesianossp.org.br\\\/oscamposdojordao\\\/wp-content\\\/uploads\\\/2025\\\/03\\\/img_prototipo_os_sdb_1.webp\",\"width\":772,\"height\":592},{\"@type\":\"BreadcrumbList\",\"@id\":\"https:\\\/\\\/salesianossp.org.br\\\/oscamposdojordao\\\/salesianos-de-dom-bosco\\\/#breadcrumb\",\"itemListElement\":[{\"@type\":\"ListItem\",\"position\":1,\"name\":\"In\u00edcio\",\"item\":\"https:\\\/\\\/salesianossp.org.br\\\/oscamposdojordao\\\/\"},{\"@type\":\"ListItem\",\"position\":2,\"name\":\"Salesianos de Dom Bosco\"}]},{\"@type\":\"WebSite\",\"@id\":\"https:\\\/\\\/salesianossp.org.br\\\/oscamposdojordao\\\/#website\",\"url\":\"https:\\\/\\\/salesianossp.org.br\\\/oscamposdojordao\\\/\",\"name\":\"Obra Social Santa Clara\",\"description\":\"\",\"publisher\":{\"@id\":\"https:\\\/\\\/salesianossp.org.br\\\/oscamposdojordao\\\/#organization\"},\"potentialAction\":[{\"@type\":\"SearchAction\",\"target\":{\"@type\":\"EntryPoint\",\"urlTemplate\":\"https:\\\/\\\/salesianossp.org.br\\\/oscamposdojordao\\\/?s={search_term_string}\"},\"query-input\":{\"@type\":\"PropertyValueSpecification\",\"valueRequired\":true,\"valueName\":\"search_term_string\"}}],\"inLanguage\":\"pt-BR\"},{\"@type\":\"Organization\",\"@id\":\"https:\\\/\\\/salesianossp.org.br\\\/oscamposdojordao\\\/#organization\",\"name\":\"Obra Social Santa Clara\",\"url\":\"https:\\\/\\\/salesianossp.org.br\\\/oscamposdojordao\\\/\",\"logo\":{\"@type\":\"ImageObject\",\"inLanguage\":\"pt-BR\",\"@id\":\"https:\\\/\\\/salesianossp.org.br\\\/oscamposdojordao\\\/#\\\/schema\\\/logo\\\/image\\\/\",\"url\":\"https:\\\/\\\/salesianossp.org.br\\\/oscamposdojordao\\\/wp-content\\\/uploads\\\/2025\\\/09\\\/logotipo-obra-social-santa-clara-color-56.svg\",\"contentUrl\":\"https:\\\/\\\/salesianossp.org.br\\\/oscamposdojordao\\\/wp-content\\\/uploads\\\/2025\\\/09\\\/logotipo-obra-social-santa-clara-color-56.svg\",\"width\":227,\"height\":56,\"caption\":\"Obra Social Santa Clara\"},\"image\":{\"@id\":\"https:\\\/\\\/salesianossp.org.br\\\/oscamposdojordao\\\/#\\\/schema\\\/logo\\\/image\\\/\"}}]}<\/script>\n<!-- \/ Yoast SEO plugin. -->","yoast_head_json":{"title":"Salesianos de Dom Bosco - Obra Social Santa Clara","robots":{"index":"index","follow":"follow","max-snippet":"max-snippet:-1","max-image-preview":"max-image-preview:large","max-video-preview":"max-video-preview:-1"},"canonical":"https:\/\/salesianossp.org.br\/oscamposdojordao\/salesianos-de-dom-bosco\/","og_locale":"pt_BR","og_type":"article","og_title":"Salesianos de Dom Bosco - Obra Social Santa Clara","og_description":"Home Quem foi Dom Bosco Dom Bosco foi um padre italiano, nascido em 1815 num vilarejo chamado Becchi na regi\u00e3o do Piemonte. Ao longo de sua vida, Dom Bosco sentiu-se chamado por Deus e deixou para toda a Igreja um carisma que se vive pelo trabalho aos jovens mais pobres, por meio da educa\u00e7\u00e3o e [&hellip;]","og_url":"https:\/\/salesianossp.org.br\/oscamposdojordao\/salesianos-de-dom-bosco\/","og_site_name":"Obra Social Santa Clara","article_modified_time":"2025-10-05T01:02:04+00:00","og_image":[{"width":772,"height":592,"url":"https:\/\/salesianossp.org.br\/oscamposdojordao\/wp-content\/uploads\/2025\/03\/img_prototipo_os_sdb_1.webp","type":"image\/webp"}],"twitter_card":"summary_large_image","twitter_misc":{"Est. tempo de leitura":"1 minuto"},"schema":{"@context":"https:\/\/schema.org","@graph":[{"@type":"WebPage","@id":"https:\/\/salesianossp.org.br\/oscamposdojordao\/salesianos-de-dom-bosco\/","url":"https:\/\/salesianossp.org.br\/oscamposdojordao\/salesianos-de-dom-bosco\/","name":"Salesianos de Dom Bosco - Obra Social Santa Clara","isPartOf":{"@id":"https:\/\/salesianossp.org.br\/oscamposdojordao\/#website"},"primaryImageOfPage":{"@id":"https:\/\/salesianossp.org.br\/oscamposdojordao\/salesianos-de-dom-bosco\/#primaryimage"},"image":{"@id":"https:\/\/salesianossp.org.br\/oscamposdojordao\/salesianos-de-dom-bosco\/#primaryimage"},"thumbnailUrl":"https:\/\/salesianossp.org.br\/oscamposdojordao\/wp-content\/uploads\/2025\/03\/img_prototipo_os_sdb_1.webp","datePublished":"2025-01-12T10:00:22+00:00","dateModified":"2025-10-05T01:02:04+00:00","breadcrumb":{"@id":"https:\/\/salesianossp.org.br\/oscamposdojordao\/salesianos-de-dom-bosco\/#breadcrumb"},"inLanguage":"pt-BR","potentialAction":[{"@type":"ReadAction","target":["https:\/\/salesianossp.org.br\/oscamposdojordao\/salesianos-de-dom-bosco\/"]}]},{"@type":"ImageObject","inLanguage":"pt-BR","@id":"https:\/\/salesianossp.org.br\/oscamposdojordao\/salesianos-de-dom-bosco\/#primaryimage","url":"https:\/\/salesianossp.org.br\/oscamposdojordao\/wp-content\/uploads\/2025\/03\/img_prototipo_os_sdb_1.webp","contentUrl":"https:\/\/salesianossp.org.br\/oscamposdojordao\/wp-content\/uploads\/2025\/03\/img_prototipo_os_sdb_1.webp","width":772,"height":592},{"@type":"BreadcrumbList","@id":"https:\/\/salesianossp.org.br\/oscamposdojordao\/salesianos-de-dom-bosco\/#breadcrumb","itemListElement":[{"@type":"ListItem","position":1,"name":"In\u00edcio","item":"https:\/\/salesianossp.org.br\/oscamposdojordao\/"},{"@type":"ListItem","position":2,"name":"Salesianos de Dom Bosco"}]},{"@type":"WebSite","@id":"https:\/\/salesianossp.org.br\/oscamposdojordao\/#website","url":"https:\/\/salesianossp.org.br\/oscamposdojordao\/","name":"Obra Social Santa Clara","description":"","publisher":{"@id":"https:\/\/salesianossp.org.br\/oscamposdojordao\/#organization"},"potentialAction":[{"@type":"SearchAction","target":{"@type":"EntryPoint","urlTemplate":"https:\/\/salesianossp.org.br\/oscamposdojordao\/?s={search_term_string}"},"query-input":{"@type":"PropertyValueSpecification","valueRequired":true,"valueName":"search_term_string"}}],"inLanguage":"pt-BR"},{"@type":"Organization","@id":"https:\/\/salesianossp.org.br\/oscamposdojordao\/#organization","name":"Obra Social Santa Clara","url":"https:\/\/salesianossp.org.br\/oscamposdojordao\/","logo":{"@type":"ImageObject","inLanguage":"pt-BR","@id":"https:\/\/salesianossp.org.br\/oscamposdojordao\/#\/schema\/logo\/image\/","url":"https:\/\/salesianossp.org.br\/oscamposdojordao\/wp-content\/uploads\/2025\/09\/logotipo-obra-social-santa-clara-color-56.svg","contentUrl":"https:\/\/salesianossp.org.br\/oscamposdojordao\/wp-content\/uploads\/2025\/09\/logotipo-obra-social-santa-clara-color-56.svg","width":227,"height":56,"caption":"Obra Social Santa Clara"},"image":{"@id":"https:\/\/salesianossp.org.br\/oscamposdojordao\/#\/schema\/logo\/image\/"}}]}},"_links":{"self":[{"href":"https:\/\/salesianossp.org.br\/oscamposdojordao\/wp-json\/wp\/v2\/pages\/113516","targetHints":{"allow":["GET"]}}],"collection":[{"href":"https:\/\/salesianossp.org.br\/oscamposdojordao\/wp-json\/wp\/v2\/pages"}],"about":[{"href":"https:\/\/salesianossp.org.br\/oscamposdojordao\/wp-json\/wp\/v2\/types\/page"}],"author":[{"embeddable":true,"href":"https:\/\/salesianossp.org.br\/oscamposdojordao\/wp-json\/wp\/v2\/users\/30"}],"replies":[{"embeddable":true,"href":"https:\/\/salesianossp.org.br\/oscamposdojordao\/wp-json\/wp\/v2\/comments?post=113516"}],"version-history":[{"count":67,"href":"https:\/\/salesianossp.org.br\/oscamposdojordao\/wp-json\/wp\/v2\/pages\/113516\/revisions"}],"predecessor-version":[{"id":117214,"href":"https:\/\/salesianossp.org.br\/oscamposdojordao\/wp-json\/wp\/v2\/pages\/113516\/revisions\/117214"}],"wp:attachment":[{"href":"https:\/\/salesianossp.org.br\/oscamposdojordao\/wp-json\/wp\/v2\/media?parent=113516"}],"curies":[{"name":"wp","href":"https:\/\/api.w.org\/{rel}","templated":true}]}}