{"id":115819,"date":"2025-03-03T23:36:19","date_gmt":"2025-03-03T23:36:19","guid":{"rendered":"https:\/\/salesianossp.org.br\/oscentrosalesiano\/?page_id=115819"},"modified":"2025-10-27T05:04:03","modified_gmt":"2025-10-27T05:04:03","slug":"servicos","status":"publish","type":"page","link":"https:\/\/salesianossp.org.br\/oscentrosalesiano\/servicos\/","title":{"rendered":"Servi\u00e7os"},"content":{"rendered":"\t\t<div data-elementor-type=\"wp-page\" data-elementor-id=\"115819\" class=\"elementor elementor-115819\" data-elementor-post-type=\"page\">\n\t\t\t\t<main class=\"elementor-element elementor-element-0f124d4 e-con-full e-flex e-con e-parent\" data-id=\"0f124d4\" data-element_type=\"container\" data-e-type=\"container\" data-settings=\"{&quot;background_background&quot;:&quot;classic&quot;}\">\n\t\t<div class=\"elementor-element elementor-element-042413a e-flex e-con-boxed e-con e-child\" data-id=\"042413a\" data-element_type=\"container\" data-e-type=\"container\" data-settings=\"{&quot;background_background&quot;:&quot;classic&quot;}\">\n\t\t\t\t\t<div class=\"e-con-inner\">\n\t\t<div class=\"elementor-element elementor-element-3ad17f1 e-con-full e-flex e-con e-child\" data-id=\"3ad17f1\" data-element_type=\"container\" data-e-type=\"container\">\n\t\t<div class=\"elementor-element elementor-element-458bcc0 e-con-full e-flex e-con e-child\" data-id=\"458bcc0\" data-element_type=\"container\" data-e-type=\"container\">\n\t\t\t\t<div class=\"elementor-element elementor-element-7192d41 elementor-widget elementor-widget-heading\" data-id=\"7192d41\" data-element_type=\"widget\" data-e-type=\"widget\" data-widget_type=\"heading.default\">\n\t\t\t\t<div class=\"elementor-widget-container\">\n\t\t\t\t\t<h1 class=\"elementor-heading-title elementor-size-default\">CONHE\u00c7A<\/h1>\t\t\t\t<\/div>\n\t\t\t\t<\/div>\n\t\t\t\t<div class=\"elementor-element elementor-element-de7e8dd elementor-widget elementor-widget-heading\" data-id=\"de7e8dd\" data-element_type=\"widget\" data-e-type=\"widget\" data-widget_type=\"heading.default\">\n\t\t\t\t<div class=\"elementor-widget-container\">\n\t\t\t\t\t<h1 class=\"elementor-heading-title elementor-size-default\">NOSSOS SERVI\u00c7OS<\/h1>\t\t\t\t<\/div>\n\t\t\t\t<\/div>\n\t\t\t\t<\/div>\n\t\t<div class=\"elementor-element elementor-element-dee90ae e-con-full e-flex e-con e-child\" data-id=\"dee90ae\" data-element_type=\"container\" data-e-type=\"container\">\n\t\t\t\t<div class=\"elementor-element elementor-element-c1223f8 elementor-widget elementor-widget-heading\" data-id=\"c1223f8\" data-element_type=\"widget\" data-e-type=\"widget\" data-widget_type=\"heading.default\">\n\t\t\t\t<div class=\"elementor-widget-container\">\n\t\t\t\t\t<p class=\"elementor-heading-title elementor-size-default\">Movidos pelo carisma de Dom Bosco, nosso compromisso \u00e9 com o desenvolvimento integral de crian\u00e7as, adolescentes e jovens. Conhe\u00e7a a seguir o trabalho que realizamos em nossa comunidade: uma proposta de acolhimento que se torna um porto seguro, de educa\u00e7\u00e3o que prepara para a vida e de protagonismo que desperta o melhor em cada um, com o grande objetivo de formar \"bons crist\u00e3os e honestos cidad\u00e3os\".\n\n<\/p>\t\t\t\t<\/div>\n\t\t\t\t<\/div>\n\t\t\t\t<\/div>\n\t\t\t\t<\/div>\n\t\t\t\t\t<\/div>\n\t\t\t\t<\/div>\n\t\t\t\t<\/main>\n\t\t<section class=\"elementor-element elementor-element-ea0be23 e-flex e-con-boxed e-con e-parent\" data-id=\"ea0be23\" data-element_type=\"container\" data-e-type=\"container\" id=\"cedesp\">\n\t\t\t\t\t<div class=\"e-con-inner\">\n\t\t<div class=\"elementor-element elementor-element-2c41bd6 e-con-full e-flex e-con e-child\" data-id=\"2c41bd6\" data-element_type=\"container\" data-e-type=\"container\">\n\t\t<div class=\"elementor-element elementor-element-c4bfa14 e-con-full e-flex e-con e-child\" data-id=\"c4bfa14\" data-element_type=\"container\" data-e-type=\"container\">\n\t\t<header class=\"elementor-element elementor-element-f5d8871 e-con-full e-flex e-con e-child\" data-id=\"f5d8871\" data-element_type=\"container\" data-e-type=\"container\">\n\t\t\t\t<div class=\"elementor-element elementor-element-ae272de elementor-widget elementor-widget-heading\" data-id=\"ae272de\" data-element_type=\"widget\" data-e-type=\"widget\" data-widget_type=\"heading.default\">\n\t\t\t\t<div class=\"elementor-widget-container\">\n\t\t\t\t\t<div class=\"elementor-heading-title elementor-size-default\">Nossos servi\u00e7os<\/div>\t\t\t\t<\/div>\n\t\t\t\t<\/div>\n\t\t\t\t<div class=\"elementor-element elementor-element-3fc9d16 elementor-widget elementor-widget-heading\" data-id=\"3fc9d16\" data-element_type=\"widget\" data-e-type=\"widget\" data-widget_type=\"heading.default\">\n\t\t\t\t<div class=\"elementor-widget-container\">\n\t\t\t\t\t<h2 class=\"elementor-heading-title elementor-size-default\">Centro de Desenvolvimento Social e Produtivo (CEDESP)<\/h2>\t\t\t\t<\/div>\n\t\t\t\t<\/div>\n\t\t\t\t<\/header>\n\t\t<div class=\"elementor-element elementor-element-c35c3a9 e-con-full e-flex e-con e-child\" data-id=\"c35c3a9\" data-element_type=\"container\" data-e-type=\"container\">\n\t\t\t\t<div class=\"elementor-element elementor-element-6bf0b2c elementor-widget elementor-widget-button\" data-id=\"6bf0b2c\" data-element_type=\"widget\" data-e-type=\"widget\" data-widget_type=\"button.default\">\n\t\t\t\t<div class=\"elementor-widget-container\">\n\t\t\t\t\t\t\t\t\t<div class=\"elementor-button-wrapper\">\n\t\t\t\t\t<a class=\"elementor-button elementor-size-sm\" role=\"button\">\n\t\t\t\t\t\t<span class=\"elementor-button-content-wrapper\">\n\t\t\t\t\t\t\t\t\t<span class=\"elementor-button-text\">Assist\u00eancia Social<\/span>\n\t\t\t\t\t<\/span>\n\t\t\t\t\t<\/a>\n\t\t\t\t<\/div>\n\t\t\t\t\t\t\t\t<\/div>\n\t\t\t\t<\/div>\n\t\t\t\t<div class=\"elementor-element elementor-element-73bd18d elementor-widget elementor-widget-button\" data-id=\"73bd18d\" data-element_type=\"widget\" data-e-type=\"widget\" data-widget_type=\"button.default\">\n\t\t\t\t<div class=\"elementor-widget-container\">\n\t\t\t\t\t\t\t\t\t<div class=\"elementor-button-wrapper\">\n\t\t\t\t\t<a class=\"elementor-button elementor-size-sm\" role=\"button\">\n\t\t\t\t\t\t<span class=\"elementor-button-content-wrapper\">\n\t\t\t\t\t\t\t\t\t<span class=\"elementor-button-text\">Prote\u00e7\u00e3o B\u00e1sica<\/span>\n\t\t\t\t\t<\/span>\n\t\t\t\t\t<\/a>\n\t\t\t\t<\/div>\n\t\t\t\t\t\t\t\t<\/div>\n\t\t\t\t<\/div>\n\t\t\t\t<div class=\"elementor-element elementor-element-e375619 elementor-widget elementor-widget-button\" data-id=\"e375619\" data-element_type=\"widget\" data-e-type=\"widget\" data-widget_type=\"button.default\">\n\t\t\t\t<div class=\"elementor-widget-container\">\n\t\t\t\t\t\t\t\t\t<div class=\"elementor-button-wrapper\">\n\t\t\t\t\t<a class=\"elementor-button elementor-size-sm\" role=\"button\">\n\t\t\t\t\t\t<span class=\"elementor-button-content-wrapper\">\n\t\t\t\t\t\t\t\t\t<span class=\"elementor-button-text\">Cursos Profissionalizantes<\/span>\n\t\t\t\t\t<\/span>\n\t\t\t\t\t<\/a>\n\t\t\t\t<\/div>\n\t\t\t\t\t\t\t\t<\/div>\n\t\t\t\t<\/div>\n\t\t\t\t<\/div>\n\t\t\t\t<div class=\"elementor-element elementor-element-d9f0fef elementor-widget elementor-widget-heading\" data-id=\"d9f0fef\" data-element_type=\"widget\" data-e-type=\"widget\" data-widget_type=\"heading.default\">\n\t\t\t\t<div class=\"elementor-widget-container\">\n\t\t\t\t\t<p class=\"elementor-heading-title elementor-size-default\">O servi\u00e7o oferece prote\u00e7\u00e3o social a jovens e adultos de 15 a 59 anos em situa\u00e7\u00e3o de vulnerabilidade e risco social, utilizando interven\u00e7\u00e3o social para estimular a autonomia, o protagonismo e a cidadania, al\u00e9m de fortalecer v\u00ednculos familiares e comunit\u00e1rios e garantir direitos. Os objetivos espec\u00edficos incluem promover acesso a pol\u00edticas p\u00fablicas (trabalho, cultura, esporte, lazer, educa\u00e7\u00e3o e sa\u00fade), ampliar o universo informacional, estimular o desenvolvimento de potencialidades e talentos, propiciar a forma\u00e7\u00e3o cidad\u00e3 e contribuir para a qualifica\u00e7\u00e3o profissional e o acesso ao conhecimento. O funcionamento \u00e9 de segunda a sexta-feira, das 07h00 \u00e0s 17h00, com atividades extras em alguns s\u00e1bados e domingos conforme calend\u00e1rio.<\/p>\t\t\t\t<\/div>\n\t\t\t\t<\/div>\n\t\t\t\t<\/div>\n\t\t\t\t<div class=\"elementor-element elementor-element-fcf0700 cta elementor-align-left elementor-tablet-align-left elementor-widget elementor-widget-button\" data-id=\"fcf0700\" data-element_type=\"widget\" data-e-type=\"widget\" data-widget_type=\"button.default\">\n\t\t\t\t<div class=\"elementor-widget-container\">\n\t\t\t\t\t\t\t\t\t<div class=\"elementor-button-wrapper\">\n\t\t\t\t\t<a class=\"elementor-button elementor-button-link elementor-size-sm\" href=\"https:\/\/salesianossp.org.br\/oscentrosalesiano\/cursos-atividades\/\">\n\t\t\t\t\t\t<span class=\"elementor-button-content-wrapper\">\n\t\t\t\t\t\t<span class=\"elementor-button-icon\">\n\t\t\t\t<svg xmlns=\"http:\/\/www.w3.org\/2000\/svg\" width=\"52\" height=\"52\" viewBox=\"0 0 52 52\" fill=\"none\"><rect width=\"52\" height=\"52\" rx=\"26\" fill=\"#E63827\"><\/rect><path d=\"M28.835 33.9568C28.6133 33.9568 28.3917 33.8751 28.2167 33.7001C27.8783 33.3618 27.8783 32.8018 28.2167 32.4635L34.68 26.0001L28.2167 19.5368C27.8783 19.1985 27.8783 18.6385 28.2167 18.3001C28.555 17.9618 29.115 17.9618 29.4533 18.3001L36.535 25.3818C36.8733 25.7201 36.8733 26.2801 36.535 26.6185L29.4533 33.7001C29.2783 33.8751 29.0567 33.9568 28.835 33.9568Z\" fill=\"#FEFAF1\"><\/path><path d=\"M35.7183 26.875H16.0833C15.605 26.875 15.2083 26.4783 15.2083 26C15.2083 25.5217 15.605 25.125 16.0833 25.125H35.7183C36.1967 25.125 36.5933 25.5217 36.5933 26C36.5933 26.4783 36.1967 26.875 35.7183 26.875Z\" fill=\"#FEFAF1\"><\/path><\/svg>\t\t\t<\/span>\n\t\t\t\t\t\t\t\t\t<span class=\"elementor-button-text\">Ver cursos<\/span>\n\t\t\t\t\t<\/span>\n\t\t\t\t\t<\/a>\n\t\t\t\t<\/div>\n\t\t\t\t\t\t\t\t<\/div>\n\t\t\t\t<\/div>\n\t\t\t\t<\/div>\n\t\t\t\t<div class=\"elementor-element elementor-element-72ae8dc elementor-widget-tablet__width-inherit elementor-widget elementor-widget-image\" data-id=\"72ae8dc\" data-element_type=\"widget\" data-e-type=\"widget\" data-widget_type=\"image.default\">\n\t\t\t\t<div class=\"elementor-widget-container\">\n\t\t\t\t\t\t\t\t\t\t\t\t\t\t\t<img fetchpriority=\"high\" decoding=\"async\" width=\"724\" height=\"620\" src=\"https:\/\/salesianossp.org.br\/oscentrosalesiano\/wp-content\/uploads\/2025\/03\/img_prototipo_os_servicos_1.webp\" class=\"attachment-full size-full wp-image-115823\" alt=\"\" srcset=\"https:\/\/salesianossp.org.br\/oscentrosalesiano\/wp-content\/uploads\/2025\/03\/img_prototipo_os_servicos_1.webp 724w, https:\/\/salesianossp.org.br\/oscentrosalesiano\/wp-content\/uploads\/2025\/03\/img_prototipo_os_servicos_1-300x257.webp 300w\" sizes=\"(max-width: 724px) 100vw, 724px\" \/>\t\t\t\t\t\t\t\t\t\t\t\t\t\t\t<\/div>\n\t\t\t\t<\/div>\n\t\t\t\t\t<\/div>\n\t\t\t\t<\/section>\n\t\t\t\t<\/div>\n\t\t","protected":false},"excerpt":{"rendered":"<p>CONHE\u00c7A NOSSOS SERVI\u00c7OS Movidos pelo carisma de Dom Bosco, nosso compromisso \u00e9 com o desenvolvimento integral de crian\u00e7as, adolescentes e jovens. Conhe\u00e7a a seguir o trabalho que realizamos em nossa comunidade: uma proposta de acolhimento que se torna um porto seguro, de educa\u00e7\u00e3o que prepara para a vida e de protagonismo que desperta o melhor [&hellip;]<\/p>\n","protected":false},"author":4,"featured_media":0,"parent":0,"menu_order":0,"comment_status":"closed","ping_status":"closed","template":"","meta":{"footnotes":""},"class_list":["post-115819","page","type-page","status-publish","hentry"],"yoast_head":"<!-- This site is optimized with the Yoast SEO plugin v27.3 - https:\/\/yoast.com\/product\/yoast-seo-wordpress\/ -->\n<title>Servi\u00e7os - Centro Salesiano de Desenvolvimento Social e Profissional<\/title>\n<meta name=\"robots\" content=\"index, follow, max-snippet:-1, max-image-preview:large, max-video-preview:-1\" \/>\n<link rel=\"canonical\" href=\"https:\/\/salesianossp.org.br\/oscentrosalesiano\/servicos\/\" \/>\n<meta property=\"og:locale\" content=\"pt_BR\" \/>\n<meta property=\"og:type\" content=\"article\" \/>\n<meta property=\"og:title\" content=\"Servi\u00e7os - Centro Salesiano de Desenvolvimento Social e Profissional\" \/>\n<meta property=\"og:description\" content=\"CONHE\u00c7A NOSSOS SERVI\u00c7OS Movidos pelo carisma de Dom Bosco, nosso compromisso \u00e9 com o desenvolvimento integral de crian\u00e7as, adolescentes e jovens. Conhe\u00e7a a seguir o trabalho que realizamos em nossa comunidade: uma proposta de acolhimento que se torna um porto seguro, de educa\u00e7\u00e3o que prepara para a vida e de protagonismo que desperta o melhor [&hellip;]\" \/>\n<meta property=\"og:url\" content=\"https:\/\/salesianossp.org.br\/oscentrosalesiano\/servicos\/\" \/>\n<meta property=\"og:site_name\" content=\"Centro Salesiano de Desenvolvimento Social e Profissional\" \/>\n<meta property=\"article:modified_time\" content=\"2025-10-27T05:04:03+00:00\" \/>\n<meta property=\"og:image\" content=\"https:\/\/salesianossp.org.br\/oscentrosalesiano\/wp-content\/uploads\/2025\/03\/img_prototipo_os_servicos_1.webp\" \/>\n\t<meta property=\"og:image:width\" content=\"724\" \/>\n\t<meta property=\"og:image:height\" content=\"620\" \/>\n\t<meta property=\"og:image:type\" content=\"image\/webp\" \/>\n<meta name=\"twitter:card\" content=\"summary_large_image\" \/>\n<meta name=\"twitter:label1\" content=\"Est. tempo de leitura\" \/>\n\t<meta name=\"twitter:data1\" content=\"1 minuto\" \/>\n<script type=\"application\/ld+json\" class=\"yoast-schema-graph\">{\"@context\":\"https:\\\/\\\/schema.org\",\"@graph\":[{\"@type\":\"WebPage\",\"@id\":\"https:\\\/\\\/salesianossp.org.br\\\/oscentrosalesiano\\\/servicos\\\/\",\"url\":\"https:\\\/\\\/salesianossp.org.br\\\/oscentrosalesiano\\\/servicos\\\/\",\"name\":\"Servi\u00e7os - Centro Salesiano de Desenvolvimento Social e Profissional\",\"isPartOf\":{\"@id\":\"https:\\\/\\\/salesianossp.org.br\\\/oscentrosalesiano\\\/#website\"},\"primaryImageOfPage\":{\"@id\":\"https:\\\/\\\/salesianossp.org.br\\\/oscentrosalesiano\\\/servicos\\\/#primaryimage\"},\"image\":{\"@id\":\"https:\\\/\\\/salesianossp.org.br\\\/oscentrosalesiano\\\/servicos\\\/#primaryimage\"},\"thumbnailUrl\":\"https:\\\/\\\/salesianossp.org.br\\\/oscentrosalesiano\\\/wp-content\\\/uploads\\\/2025\\\/03\\\/img_prototipo_os_servicos_1.webp\",\"datePublished\":\"2025-03-03T23:36:19+00:00\",\"dateModified\":\"2025-10-27T05:04:03+00:00\",\"breadcrumb\":{\"@id\":\"https:\\\/\\\/salesianossp.org.br\\\/oscentrosalesiano\\\/servicos\\\/#breadcrumb\"},\"inLanguage\":\"pt-BR\",\"potentialAction\":[{\"@type\":\"ReadAction\",\"target\":[\"https:\\\/\\\/salesianossp.org.br\\\/oscentrosalesiano\\\/servicos\\\/\"]}]},{\"@type\":\"ImageObject\",\"inLanguage\":\"pt-BR\",\"@id\":\"https:\\\/\\\/salesianossp.org.br\\\/oscentrosalesiano\\\/servicos\\\/#primaryimage\",\"url\":\"https:\\\/\\\/salesianossp.org.br\\\/oscentrosalesiano\\\/wp-content\\\/uploads\\\/2025\\\/03\\\/img_prototipo_os_servicos_1.webp\",\"contentUrl\":\"https:\\\/\\\/salesianossp.org.br\\\/oscentrosalesiano\\\/wp-content\\\/uploads\\\/2025\\\/03\\\/img_prototipo_os_servicos_1.webp\",\"width\":724,\"height\":620},{\"@type\":\"BreadcrumbList\",\"@id\":\"https:\\\/\\\/salesianossp.org.br\\\/oscentrosalesiano\\\/servicos\\\/#breadcrumb\",\"itemListElement\":[{\"@type\":\"ListItem\",\"position\":1,\"name\":\"In\u00edcio\",\"item\":\"https:\\\/\\\/salesianossp.org.br\\\/oscentrosalesiano\\\/\"},{\"@type\":\"ListItem\",\"position\":2,\"name\":\"Servi\u00e7os\"}]},{\"@type\":\"WebSite\",\"@id\":\"https:\\\/\\\/salesianossp.org.br\\\/oscentrosalesiano\\\/#website\",\"url\":\"https:\\\/\\\/salesianossp.org.br\\\/oscentrosalesiano\\\/\",\"name\":\"Centro Salesiano de Desenvolvimento Social e Profissional\",\"description\":\"\",\"publisher\":{\"@id\":\"https:\\\/\\\/salesianossp.org.br\\\/oscentrosalesiano\\\/#organization\"},\"potentialAction\":[{\"@type\":\"SearchAction\",\"target\":{\"@type\":\"EntryPoint\",\"urlTemplate\":\"https:\\\/\\\/salesianossp.org.br\\\/oscentrosalesiano\\\/?s={search_term_string}\"},\"query-input\":{\"@type\":\"PropertyValueSpecification\",\"valueRequired\":true,\"valueName\":\"search_term_string\"}}],\"inLanguage\":\"pt-BR\"},{\"@type\":\"Organization\",\"@id\":\"https:\\\/\\\/salesianossp.org.br\\\/oscentrosalesiano\\\/#organization\",\"name\":\"Centro Salesiano de Desenvolvimento Social e Profissional\",\"url\":\"https:\\\/\\\/salesianossp.org.br\\\/oscentrosalesiano\\\/\",\"logo\":{\"@type\":\"ImageObject\",\"inLanguage\":\"pt-BR\",\"@id\":\"https:\\\/\\\/salesianossp.org.br\\\/oscentrosalesiano\\\/#\\\/schema\\\/logo\\\/image\\\/\",\"url\":\"https:\\\/\\\/salesianossp.org.br\\\/oscentrosalesiano\\\/wp-content\\\/uploads\\\/2025\\\/10\\\/logotipo-centro-salesiano-dev-so-pro-color-56.svg\",\"contentUrl\":\"https:\\\/\\\/salesianossp.org.br\\\/oscentrosalesiano\\\/wp-content\\\/uploads\\\/2025\\\/10\\\/logotipo-centro-salesiano-dev-so-pro-color-56.svg\",\"width\":274,\"height\":56,\"caption\":\"Centro Salesiano de Desenvolvimento Social e Profissional\"},\"image\":{\"@id\":\"https:\\\/\\\/salesianossp.org.br\\\/oscentrosalesiano\\\/#\\\/schema\\\/logo\\\/image\\\/\"}}]}<\/script>\n<!-- \/ Yoast SEO plugin. -->","yoast_head_json":{"title":"Servi\u00e7os - Centro Salesiano de Desenvolvimento Social e Profissional","robots":{"index":"index","follow":"follow","max-snippet":"max-snippet:-1","max-image-preview":"max-image-preview:large","max-video-preview":"max-video-preview:-1"},"canonical":"https:\/\/salesianossp.org.br\/oscentrosalesiano\/servicos\/","og_locale":"pt_BR","og_type":"article","og_title":"Servi\u00e7os - Centro Salesiano de Desenvolvimento Social e Profissional","og_description":"CONHE\u00c7A NOSSOS SERVI\u00c7OS Movidos pelo carisma de Dom Bosco, nosso compromisso \u00e9 com o desenvolvimento integral de crian\u00e7as, adolescentes e jovens. Conhe\u00e7a a seguir o trabalho que realizamos em nossa comunidade: uma proposta de acolhimento que se torna um porto seguro, de educa\u00e7\u00e3o que prepara para a vida e de protagonismo que desperta o melhor [&hellip;]","og_url":"https:\/\/salesianossp.org.br\/oscentrosalesiano\/servicos\/","og_site_name":"Centro Salesiano de Desenvolvimento Social e Profissional","article_modified_time":"2025-10-27T05:04:03+00:00","og_image":[{"width":724,"height":620,"url":"https:\/\/salesianossp.org.br\/oscentrosalesiano\/wp-content\/uploads\/2025\/03\/img_prototipo_os_servicos_1.webp","type":"image\/webp"}],"twitter_card":"summary_large_image","twitter_misc":{"Est. tempo de leitura":"1 minuto"},"schema":{"@context":"https:\/\/schema.org","@graph":[{"@type":"WebPage","@id":"https:\/\/salesianossp.org.br\/oscentrosalesiano\/servicos\/","url":"https:\/\/salesianossp.org.br\/oscentrosalesiano\/servicos\/","name":"Servi\u00e7os - Centro Salesiano de Desenvolvimento Social e Profissional","isPartOf":{"@id":"https:\/\/salesianossp.org.br\/oscentrosalesiano\/#website"},"primaryImageOfPage":{"@id":"https:\/\/salesianossp.org.br\/oscentrosalesiano\/servicos\/#primaryimage"},"image":{"@id":"https:\/\/salesianossp.org.br\/oscentrosalesiano\/servicos\/#primaryimage"},"thumbnailUrl":"https:\/\/salesianossp.org.br\/oscentrosalesiano\/wp-content\/uploads\/2025\/03\/img_prototipo_os_servicos_1.webp","datePublished":"2025-03-03T23:36:19+00:00","dateModified":"2025-10-27T05:04:03+00:00","breadcrumb":{"@id":"https:\/\/salesianossp.org.br\/oscentrosalesiano\/servicos\/#breadcrumb"},"inLanguage":"pt-BR","potentialAction":[{"@type":"ReadAction","target":["https:\/\/salesianossp.org.br\/oscentrosalesiano\/servicos\/"]}]},{"@type":"ImageObject","inLanguage":"pt-BR","@id":"https:\/\/salesianossp.org.br\/oscentrosalesiano\/servicos\/#primaryimage","url":"https:\/\/salesianossp.org.br\/oscentrosalesiano\/wp-content\/uploads\/2025\/03\/img_prototipo_os_servicos_1.webp","contentUrl":"https:\/\/salesianossp.org.br\/oscentrosalesiano\/wp-content\/uploads\/2025\/03\/img_prototipo_os_servicos_1.webp","width":724,"height":620},{"@type":"BreadcrumbList","@id":"https:\/\/salesianossp.org.br\/oscentrosalesiano\/servicos\/#breadcrumb","itemListElement":[{"@type":"ListItem","position":1,"name":"In\u00edcio","item":"https:\/\/salesianossp.org.br\/oscentrosalesiano\/"},{"@type":"ListItem","position":2,"name":"Servi\u00e7os"}]},{"@type":"WebSite","@id":"https:\/\/salesianossp.org.br\/oscentrosalesiano\/#website","url":"https:\/\/salesianossp.org.br\/oscentrosalesiano\/","name":"Centro Salesiano de Desenvolvimento Social e Profissional","description":"","publisher":{"@id":"https:\/\/salesianossp.org.br\/oscentrosalesiano\/#organization"},"potentialAction":[{"@type":"SearchAction","target":{"@type":"EntryPoint","urlTemplate":"https:\/\/salesianossp.org.br\/oscentrosalesiano\/?s={search_term_string}"},"query-input":{"@type":"PropertyValueSpecification","valueRequired":true,"valueName":"search_term_string"}}],"inLanguage":"pt-BR"},{"@type":"Organization","@id":"https:\/\/salesianossp.org.br\/oscentrosalesiano\/#organization","name":"Centro Salesiano de Desenvolvimento Social e Profissional","url":"https:\/\/salesianossp.org.br\/oscentrosalesiano\/","logo":{"@type":"ImageObject","inLanguage":"pt-BR","@id":"https:\/\/salesianossp.org.br\/oscentrosalesiano\/#\/schema\/logo\/image\/","url":"https:\/\/salesianossp.org.br\/oscentrosalesiano\/wp-content\/uploads\/2025\/10\/logotipo-centro-salesiano-dev-so-pro-color-56.svg","contentUrl":"https:\/\/salesianossp.org.br\/oscentrosalesiano\/wp-content\/uploads\/2025\/10\/logotipo-centro-salesiano-dev-so-pro-color-56.svg","width":274,"height":56,"caption":"Centro Salesiano de Desenvolvimento Social e Profissional"},"image":{"@id":"https:\/\/salesianossp.org.br\/oscentrosalesiano\/#\/schema\/logo\/image\/"}}]}},"_links":{"self":[{"href":"https:\/\/salesianossp.org.br\/oscentrosalesiano\/wp-json\/wp\/v2\/pages\/115819","targetHints":{"allow":["GET"]}}],"collection":[{"href":"https:\/\/salesianossp.org.br\/oscentrosalesiano\/wp-json\/wp\/v2\/pages"}],"about":[{"href":"https:\/\/salesianossp.org.br\/oscentrosalesiano\/wp-json\/wp\/v2\/types\/page"}],"author":[{"embeddable":true,"href":"https:\/\/salesianossp.org.br\/oscentrosalesiano\/wp-json\/wp\/v2\/users\/4"}],"replies":[{"embeddable":true,"href":"https:\/\/salesianossp.org.br\/oscentrosalesiano\/wp-json\/wp\/v2\/comments?post=115819"}],"version-history":[{"count":22,"href":"https:\/\/salesianossp.org.br\/oscentrosalesiano\/wp-json\/wp\/v2\/pages\/115819\/revisions"}],"predecessor-version":[{"id":117326,"href":"https:\/\/salesianossp.org.br\/oscentrosalesiano\/wp-json\/wp\/v2\/pages\/115819\/revisions\/117326"}],"wp:attachment":[{"href":"https:\/\/salesianossp.org.br\/oscentrosalesiano\/wp-json\/wp\/v2\/media?parent=115819"}],"curies":[{"name":"wp","href":"https:\/\/api.w.org\/{rel}","templated":true}]}}