{"id":188,"date":"2020-05-17T23:07:30","date_gmt":"2020-05-17T23:07:30","guid":{"rendered":"https:\/\/salesianossp.org.br\/parsjbsp\/?page_id=188"},"modified":"2021-05-31T03:24:15","modified_gmt":"2021-05-31T06:24:15","slug":"nossahistoria","status":"publish","type":"page","link":"https:\/\/salesianossp.org.br\/parsjbsp\/nossahistoria\/","title":{"rendered":"Nossa Hist\u00f3ria"},"content":{"rendered":"\t\t<div data-elementor-type=\"wp-page\" data-elementor-id=\"188\" class=\"elementor elementor-188\" data-elementor-post-type=\"page\">\n\t\t\t\t\t\t<section class=\"elementor-section elementor-top-section elementor-element elementor-element-2a2f6b7 elementor-section-boxed elementor-section-height-default elementor-section-height-default\" data-id=\"2a2f6b7\" data-element_type=\"section\" data-e-type=\"section\">\n\t\t\t\t\t\t<div class=\"elementor-container elementor-column-gap-default\">\n\t\t\t\t\t<div class=\"elementor-column elementor-col-100 elementor-top-column elementor-element elementor-element-9a95f84\" data-id=\"9a95f84\" data-element_type=\"column\" data-e-type=\"column\">\n\t\t\t<div class=\"elementor-widget-wrap elementor-element-populated\">\n\t\t\t\t\t\t<div class=\"elementor-element elementor-element-11fa772 elementor-widget elementor-widget-heading\" data-id=\"11fa772\" data-element_type=\"widget\" data-e-type=\"widget\" data-widget_type=\"heading.default\">\n\t\t\t\t<div class=\"elementor-widget-container\">\n\t\t\t\t\t<h2 class=\"elementor-heading-title elementor-size-default\">Hist\u00f3rico<\/h2>\t\t\t\t<\/div>\n\t\t\t\t<\/div>\n\t\t\t\t\t<\/div>\n\t\t<\/div>\n\t\t\t\t\t<\/div>\n\t\t<\/section>\n\t\t\t\t<section class=\"elementor-section elementor-top-section elementor-element elementor-element-5195f7c elementor-section-boxed elementor-section-height-default elementor-section-height-default\" data-id=\"5195f7c\" data-element_type=\"section\" data-e-type=\"section\">\n\t\t\t\t\t\t<div class=\"elementor-container elementor-column-gap-default\">\n\t\t\t\t\t<div class=\"elementor-column elementor-col-100 elementor-top-column elementor-element elementor-element-7b08896\" data-id=\"7b08896\" data-element_type=\"column\" data-e-type=\"column\">\n\t\t\t<div class=\"elementor-widget-wrap elementor-element-populated\">\n\t\t\t\t\t\t<div class=\"elementor-element elementor-element-f95c19a elementor-widget elementor-widget-text-editor\" data-id=\"f95c19a\" data-element_type=\"widget\" data-e-type=\"widget\" data-widget_type=\"text-editor.default\">\n\t\t\t\t<div class=\"elementor-widget-container\">\n\t\t\t\t\t\t\t\t\t<p style=\"text-align: center;\"><img fetchpriority=\"high\" decoding=\"async\" class=\"alignnone size-full wp-image-1458\" src=\"https:\/\/salesianossp.org.br\/parsjbsp\/wp-content\/uploads\/2021\/05\/SP-Paroquia-Sao-Joao-Bosco.jpg\" alt=\"\" width=\"1920\" height=\"600\" srcset=\"https:\/\/salesianossp.org.br\/parsjbsp\/wp-content\/uploads\/2021\/05\/SP-Paroquia-Sao-Joao-Bosco.jpg 1920w, https:\/\/salesianossp.org.br\/parsjbsp\/wp-content\/uploads\/2021\/05\/SP-Paroquia-Sao-Joao-Bosco-300x94.jpg 300w, https:\/\/salesianossp.org.br\/parsjbsp\/wp-content\/uploads\/2021\/05\/SP-Paroquia-Sao-Joao-Bosco-1024x320.jpg 1024w, https:\/\/salesianossp.org.br\/parsjbsp\/wp-content\/uploads\/2021\/05\/SP-Paroquia-Sao-Joao-Bosco-768x240.jpg 768w, https:\/\/salesianossp.org.br\/parsjbsp\/wp-content\/uploads\/2021\/05\/SP-Paroquia-Sao-Joao-Bosco-1536x480.jpg 1536w, https:\/\/salesianossp.org.br\/parsjbsp\/wp-content\/uploads\/2021\/05\/SP-Paroquia-Sao-Joao-Bosco-260x81.jpg 260w, https:\/\/salesianossp.org.br\/parsjbsp\/wp-content\/uploads\/2021\/05\/SP-Paroquia-Sao-Joao-Bosco-50x16.jpg 50w, https:\/\/salesianossp.org.br\/parsjbsp\/wp-content\/uploads\/2021\/05\/SP-Paroquia-Sao-Joao-Bosco-150x47.jpg 150w, https:\/\/salesianossp.org.br\/parsjbsp\/wp-content\/uploads\/2021\/05\/SP-Paroquia-Sao-Joao-Bosco-750x234.jpg 750w, https:\/\/salesianossp.org.br\/parsjbsp\/wp-content\/uploads\/2021\/05\/SP-Paroquia-Sao-Joao-Bosco-1140x356.jpg 1140w\" sizes=\"(max-width:767px) 480px, (max-width:1920px) 100vw, 1920px\" \/><\/p><p><span style=\"font-weight: 400;\">A hist\u00f3ria da Par\u00f3quia S\u00e3o Jo\u00e3o Bosco come\u00e7ou por volta de 1955, com o Orat\u00f3rio Casa Dom Bosco \u2013 como era chamada por volta de 1955 \u2013 come\u00e7ou a hist\u00f3ria da Par\u00f3quia Dom Bosco. Hoje abrange o Alto da Lapa, parte do Alto de Pinheiros, Boa\u00e7ava e parte da Lapa, atingindo mais quase trinta mil pessoas.<\/span><\/p><p><span style=\"font-weight: 400;\">A constru\u00e7\u00e3o da primeira capela que substituiu o pequeno chal\u00e9 que seria improvisadamente para atender ao Orat\u00f3rio Festivo teve participa\u00e7\u00e3o fundamental da comunidade na arrecada\u00e7\u00e3o de verbas.Com a capela em funcionamento, aumentou o n\u00famero de fi\u00e9is e a comunidade ganhou cada vez mais import\u00e2ncia no cen\u00e1rio do bairro. Diante de tudo isso, o ent\u00e3o Arcebispo de S\u00e3o Paulo, Cardeal Dom \u00c2ngelo Rossi, decidiu elevar a Comunidade \u00e0 Par\u00f3quia, desmembrando-a da Par\u00f3quia de S\u00e3o Jo\u00e3o Batista, da Vila Ipojuca, confiando-a aos filhos de Dom Bosco (salesianos) para que o trabalho pastoral fosse marcado por uma centralidade na forma\u00e7\u00e3o dos jovens. Exatamente aos oito de outubro de 1965 foi lavrada a ata de funda\u00e7\u00e3o da Par\u00f3quia de S\u00e3o Jo\u00e3o Bosco do Alto da Lapa.<\/span><\/p><p><span style=\"font-weight: 400;\">A dire\u00e7\u00e3o ficou definitivamente por conta dos Salesianos de Dom Bosco do Instituto Teol\u00f3gico Pio XI, sendo o Padre Essetino Andreazza, seu primeiro p\u00e1roco. Padre Essetino esteve \u00e0 frente da comunidade por seis anos. \u00c0 nova par\u00f3quia foi anexada a escola do SESI que funcionava ao lado da capela e atendia 186 alunos, inclusive com curso de alfabetiza\u00e7\u00e3o de adultos.<\/span><\/p><p><span style=\"font-weight: 400;\">A nova par\u00f3quia, onde j\u00e1 eram celebradas missas, passou tamb\u00e9m a gozar de todos os direitos e privil\u00e9gios, tendo os seus pr\u00f3prios Livros de Assentamentos de Batizados, Casamentos e Tombo (onde s\u00e3o registrados todos os fatos e ocorr\u00eancias da comunidade).<\/span><\/p><p><span style=\"font-weight: 400;\">O movimento nas celebra\u00e7\u00f5es j\u00e1 era t\u00e3o grande que a nova capela tamb\u00e9m ficou pequena. Mais uma vez, portanto, a comunidade come\u00e7ou a se movimentar para construir um templo maior, mais de acordo com as exig\u00eancias da regi\u00e3o. A proposta era a de construir, na regi\u00e3o mais alta da cidade, a primeira igreja especialmente projetada, atendendo \u00e0 moderna liturgia.<\/span><\/p><p><span style=\"font-weight: 400;\">V\u00e1rios empecilhos foram aparecendo durante a constru\u00e7\u00e3o do projeto original, surgindo um segundo projeto adaptado ao terreno e dando origem \u00e0 atual Igreja. Na nova igreja tamb\u00e9m foram acrescentados muitos detalhes que n\u00e3o estavam no projeto original. O edif\u00edcio era novidade para a \u00e9poca e v\u00e1rios estudantes da USP o visitavam para conhecer aquele projeto t\u00e3o avan\u00e7ado.<\/span><\/p><p><span style=\"font-weight: 400;\">Foi aos vinte e oito de agosto de 1977, \u00e0s 10 horas, a inaugura\u00e7\u00e3o oficial da igreja nova, ainda com o pr\u00e9dio inacabado, faltando a sacristia, um local para confiss\u00f5es, lustres e servi\u00e7os de som, tabern\u00e1culo, marquise em frente \u00e0s portas e revestimento das paredes internas, obras que foram posteriormente finalizadas.<\/span><\/p><p><span style=\"font-weight: 400;\">As imagens de Dom Bosco e Nossa Senhora Auxiliadora vieram da It\u00e1lia no dia 27 de maio de 1978, justamente quando se iniciava uma vig\u00edlia de ora\u00e7\u00f5es e cantos em louvor a Nossa Senhora.<\/span><\/p><p><span style=\"font-weight: 400;\">Atualmente, a Par\u00f3quia S\u00e3o Jo\u00e3o Bosco possui um amplo trabalho de evangeliza\u00e7\u00e3o que conta com mais de quarenta grupos, atendendo tamb\u00e9m \u00e0s comunidades de Nossa Senhora da Esperan\u00e7a (BNH) e M\u00e3e Rainha (Condom\u00ednio Ilha do Sul), al\u00e9m das capelanias do Instituto Anjo da Guarda e Instituto Teol\u00f3gico Pio XI. Aos fins de semana, as celebra\u00e7\u00f5es re\u00fanem cerca de 1.500 fi\u00e9is.<\/span><\/p>\t\t\t\t\t\t\t\t<\/div>\n\t\t\t\t<\/div>\n\t\t\t\t\t<\/div>\n\t\t<\/div>\n\t\t\t\t\t<\/div>\n\t\t<\/section>\n\t\t\t\t<\/div>\n\t\t","protected":false},"excerpt":{"rendered":"<p>Hist\u00f3rico A hist\u00f3ria da Par\u00f3quia S\u00e3o Jo\u00e3o Bosco come\u00e7ou por volta de 1955, com o Orat\u00f3rio Casa Dom Bosco \u2013 como era chamada por volta de<span class=\"excerpt-hellip\"> [\u2026]<\/span><\/p>\n","protected":false},"author":93,"featured_media":0,"parent":0,"menu_order":0,"comment_status":"closed","ping_status":"closed","template":"","meta":{"footnotes":""},"class_list":["post-188","page","type-page","status-publish","hentry"],"_links":{"self":[{"href":"https:\/\/salesianossp.org.br\/parsjbsp\/wp-json\/wp\/v2\/pages\/188","targetHints":{"allow":["GET"]}}],"collection":[{"href":"https:\/\/salesianossp.org.br\/parsjbsp\/wp-json\/wp\/v2\/pages"}],"about":[{"href":"https:\/\/salesianossp.org.br\/parsjbsp\/wp-json\/wp\/v2\/types\/page"}],"author":[{"embeddable":true,"href":"https:\/\/salesianossp.org.br\/parsjbsp\/wp-json\/wp\/v2\/users\/93"}],"replies":[{"embeddable":true,"href":"https:\/\/salesianossp.org.br\/parsjbsp\/wp-json\/wp\/v2\/comments?post=188"}],"version-history":[{"count":8,"href":"https:\/\/salesianossp.org.br\/parsjbsp\/wp-json\/wp\/v2\/pages\/188\/revisions"}],"predecessor-version":[{"id":1513,"href":"https:\/\/salesianossp.org.br\/parsjbsp\/wp-json\/wp\/v2\/pages\/188\/revisions\/1513"}],"wp:attachment":[{"href":"https:\/\/salesianossp.org.br\/parsjbsp\/wp-json\/wp\/v2\/media?parent=188"}],"curies":[{"name":"wp","href":"https:\/\/api.w.org\/{rel}","templated":true}]}}

Nossa História

<div data-elementor-type="wp-page" data-elementor-id="188" class="elementor elementor-188" data-elementor-post-type="page">
						<section class="elementor-section elementor-top-section elementor-element elementor-element-2a2f6b7 elementor-section-boxed elementor-section-height-default elementor-section-height-default" data-id="2a2f6b7" data-element_type="section" data-e-type="section">
						<div class="elementor-container elementor-column-gap-default">
					<div class="elementor-column elementor-col-100 elementor-top-column elementor-element elementor-element-9a95f84" data-id="9a95f84" data-element_type="column" data-e-type="column">
			<div class="elementor-widget-wrap elementor-element-populated">
						<div class="elementor-element elementor-element-11fa772 elementor-widget elementor-widget-heading" data-id="11fa772" data-element_type="widget" data-e-type="widget" data-widget_type="heading.default">
				<div class="elementor-widget-container">
					<h2 class="elementor-heading-title elementor-size-default">Histórico</h2>				</div>
				</div>
					</div>
		</div>
					</div>
		</section>
				<section class="elementor-section elementor-top-section elementor-element elementor-element-5195f7c elementor-section-boxed elementor-section-height-default elementor-section-height-default" data-id="5195f7c" data-element_type="section" data-e-type="section">
						<div class="elementor-container elementor-column-gap-default">
					<div class="elementor-column elementor-col-100 elementor-top-column elementor-element elementor-element-7b08896" data-id="7b08896" data-element_type="column" data-e-type="column">
			<div class="elementor-widget-wrap elementor-element-populated">
						<div class="elementor-element elementor-element-f95c19a elementor-widget elementor-widget-text-editor" data-id="f95c19a" data-element_type="widget" data-e-type="widget" data-widget_type="text-editor.default">
				<div class="elementor-widget-container">
									<p style="text-align: center;"><img fetchpriority="high" decoding="async" class="alignnone size-full wp-image-1458" src="https://salesianossp.org.br/parsjbsp/wp-content/uploads/2021/05/SP-Paroquia-Sao-Joao-Bosco.jpg" alt="" width="1920" height="600" srcset="https://salesianossp.org.br/parsjbsp/wp-content/uploads/2021/05/SP-Paroquia-Sao-Joao-Bosco.jpg 1920w, https://salesianossp.org.br/parsjbsp/wp-content/uploads/2021/05/SP-Paroquia-Sao-Joao-Bosco-300x94.jpg 300w, https://salesianossp.org.br/parsjbsp/wp-content/uploads/2021/05/SP-Paroquia-Sao-Joao-Bosco-1024x320.jpg 1024w, https://salesianossp.org.br/parsjbsp/wp-content/uploads/2021/05/SP-Paroquia-Sao-Joao-Bosco-768x240.jpg 768w, https://salesianossp.org.br/parsjbsp/wp-content/uploads/2021/05/SP-Paroquia-Sao-Joao-Bosco-1536x480.jpg 1536w, https://salesianossp.org.br/parsjbsp/wp-content/uploads/2021/05/SP-Paroquia-Sao-Joao-Bosco-260x81.jpg 260w, https://salesianossp.org.br/parsjbsp/wp-content/uploads/2021/05/SP-Paroquia-Sao-Joao-Bosco-50x16.jpg 50w, https://salesianossp.org.br/parsjbsp/wp-content/uploads/2021/05/SP-Paroquia-Sao-Joao-Bosco-150x47.jpg 150w, https://salesianossp.org.br/parsjbsp/wp-content/uploads/2021/05/SP-Paroquia-Sao-Joao-Bosco-750x234.jpg 750w, https://salesianossp.org.br/parsjbsp/wp-content/uploads/2021/05/SP-Paroquia-Sao-Joao-Bosco-1140x356.jpg 1140w" sizes="(max-width:767px) 480px, (max-width:1920px) 100vw, 1920px" /></p><p><span style="font-weight: 400;">A história da Paróquia São João Bosco começou por volta de 1955, com o Oratório Casa Dom Bosco – como era chamada por volta de 1955 – começou a história da Paróquia Dom Bosco. Hoje abrange o Alto da Lapa, parte do Alto de Pinheiros, Boaçava e parte da Lapa, atingindo mais quase trinta mil pessoas.</span></p><p><span style="font-weight: 400;">A construção da primeira capela que substituiu o pequeno chalé que seria improvisadamente para atender ao Oratório Festivo teve participação fundamental da comunidade na arrecadação de verbas.Com a capela em funcionamento, aumentou o número de fiéis e a comunidade ganhou cada vez mais importância no cenário do bairro. Diante de tudo isso, o então Arcebispo de São Paulo, Cardeal Dom Ângelo Rossi, decidiu elevar a Comunidade à Paróquia, desmembrando-a da Paróquia de São João Batista, da Vila Ipojuca, confiando-a aos filhos de Dom Bosco (salesianos) para que o trabalho pastoral fosse marcado por uma centralidade na formação dos jovens. Exatamente aos oito de outubro de 1965 foi lavrada a ata de fundação da Paróquia de São João Bosco do Alto da Lapa.</span></p><p><span style="font-weight: 400;">A direção ficou definitivamente por conta dos Salesianos de Dom Bosco do Instituto Teológico Pio XI, sendo o Padre Essetino Andreazza, seu primeiro pároco. Padre Essetino esteve à frente da comunidade por seis anos. À nova paróquia foi anexada a escola do SESI que funcionava ao lado da capela e atendia 186 alunos, inclusive com curso de alfabetização de adultos.</span></p><p><span style="font-weight: 400;">A nova paróquia, onde já eram celebradas missas, passou também a gozar de todos os direitos e privilégios, tendo os seus próprios Livros de Assentamentos de Batizados, Casamentos e Tombo (onde são registrados todos os fatos e ocorrências da comunidade).</span></p><p><span style="font-weight: 400;">O movimento nas celebrações já era tão grande que a nova capela também ficou pequena. Mais uma vez, portanto, a comunidade começou a se movimentar para construir um templo maior, mais de acordo com as exigências da região. A proposta era a de construir, na região mais alta da cidade, a primeira igreja especialmente projetada, atendendo à moderna liturgia.</span></p><p><span style="font-weight: 400;">Vários empecilhos foram aparecendo durante a construção do projeto original, surgindo um segundo projeto adaptado ao terreno e dando origem à atual Igreja. Na nova igreja também foram acrescentados muitos detalhes que não estavam no projeto original. O edifício era novidade para a época e vários estudantes da USP o visitavam para conhecer aquele projeto tão avançado.</span></p><p><span style="font-weight: 400;">Foi aos vinte e oito de agosto de 1977, às 10 horas, a inauguração oficial da igreja nova, ainda com o prédio inacabado, faltando a sacristia, um local para confissões, lustres e serviços de som, tabernáculo, marquise em frente às portas e revestimento das paredes internas, obras que foram posteriormente finalizadas.</span></p><p><span style="font-weight: 400;">As imagens de Dom Bosco e Nossa Senhora Auxiliadora vieram da Itália no dia 27 de maio de 1978, justamente quando se iniciava uma vigília de orações e cantos em louvor a Nossa Senhora.</span></p><p><span style="font-weight: 400;">Atualmente, a Paróquia São João Bosco possui um amplo trabalho de evangelização que conta com mais de quarenta grupos, atendendo também às comunidades de Nossa Senhora da Esperança (BNH) e Mãe Rainha (Condomínio Ilha do Sul), além das capelanias do Instituto Anjo da Guarda e Instituto Teológico Pio XI. Aos fins de semana, as celebrações reúnem cerca de 1.500 fiéis.</span></p>								</div>
				</div>
					</div>
		</div>
					</div>
		</section>
				</div>

<p>Histórico A história da Paróquia São João Bosco começou por volta de 1955, com o Oratório Casa Dom Bosco – como era chamada por volta de<span class="excerpt-hellip"> […]</span></p>
