{"id":701,"date":"2020-07-04T23:11:56","date_gmt":"2020-07-05T02:11:56","guid":{"rendered":"https:\/\/salesianossp.org.br\/parsjbsp\/?page_id=701"},"modified":"2021-05-31T03:25:54","modified_gmt":"2021-05-31T06:25:54","slug":"horarios","status":"publish","type":"page","link":"https:\/\/salesianossp.org.br\/parsjbsp\/horarios\/","title":{"rendered":"HOR\u00c1RIOS PAROQUIAIS"},"content":{"rendered":"\t\t<div data-elementor-type=\"wp-page\" data-elementor-id=\"701\" class=\"elementor elementor-701\" data-elementor-post-type=\"page\">\n\t\t\t\t\t\t<section class=\"elementor-section elementor-top-section elementor-element elementor-element-75cbc807 elementor-section-content-middle elementor-section-boxed elementor-section-height-default elementor-section-height-default\" data-id=\"75cbc807\" data-element_type=\"section\" data-e-type=\"section\">\n\t\t\t\t\t\t<div class=\"elementor-container elementor-column-gap-no\">\n\t\t\t\t\t<div class=\"elementor-column elementor-col-100 elementor-top-column elementor-element elementor-element-422ceeb0\" data-id=\"422ceeb0\" data-element_type=\"column\" data-e-type=\"column\">\n\t\t\t<div class=\"elementor-widget-wrap elementor-element-populated\">\n\t\t\t\t\t\t<div class=\"elementor-element elementor-element-26ca7e3d elementor-widget elementor-widget-heading\" data-id=\"26ca7e3d\" data-element_type=\"widget\" data-e-type=\"widget\" data-widget_type=\"heading.default\">\n\t\t\t\t<div class=\"elementor-widget-container\">\n\t\t\t\t\t<h4 class=\"elementor-heading-title elementor-size-default\">HOR\u00c1RIOS<\/h4>\t\t\t\t<\/div>\n\t\t\t\t<\/div>\n\t\t\t\t<section class=\"elementor-section elementor-inner-section elementor-element elementor-element-584f059 elementor-section-boxed elementor-section-height-default elementor-section-height-default\" data-id=\"584f059\" data-element_type=\"section\" data-e-type=\"section\">\n\t\t\t\t\t\t<div class=\"elementor-container elementor-column-gap-wider\">\n\t\t\t\t\t<div class=\"elementor-column elementor-col-100 elementor-inner-column elementor-element elementor-element-33061b8\" data-id=\"33061b8\" data-element_type=\"column\" data-e-type=\"column\">\n\t\t\t<div class=\"elementor-widget-wrap elementor-element-populated\">\n\t\t\t\t\t\t<div class=\"elementor-element elementor-element-66ba00f elementor-widget elementor-widget-text-editor\" data-id=\"66ba00f\" data-element_type=\"widget\" data-e-type=\"widget\" data-widget_type=\"text-editor.default\">\n\t\t\t\t<div class=\"elementor-widget-container\">\n\t\t\t\t\t\t\t\t\t<p><b>MISSAS<\/b><\/p><p><span style=\"font-weight: 400;\">Segunda a sexta, \u00e0s 19h30 | S\u00e1bado, \u00e0s 16h30 | Domingo, \u00e0s 8h30, 10h30 e 18h30<\/span><\/p><p><span style=\"font-weight: 400;\"><strong>Comunidade Nossa Senhora da Esperan\u00e7a<\/strong> | Domingo, \u00e0s 9h<\/span><\/p><p><span style=\"font-weight: 400;\"><strong>Comunidade M\u00e3e Rainha<\/strong> | Domingo, \u00e0s 10h30<\/span><\/p><p>\u00a0<\/p><p><b>SECRETARIA<\/b><\/p><p><span style=\"font-weight: 400;\">Ter\u00e7a a s\u00e1bado, das 8h \u00e0s 12h e das 13h \u00e0s 17h<\/span><\/p><p>\u00a0<\/p><p><b>ATENDIMENTO DO P\u00c1ROCO<\/b><\/p><p><b>Confiss\u00f5es &#8211; B\u00ean\u00e7\u00e3os &#8211; Aconselhamentos &#8211; Visitas aos doentes &#8211; B\u00ean\u00e7\u00e3os das casas<\/b><\/p><p><span style=\"font-weight: 400;\">Ter\u00e7as, quartas, quintas e sextas, das 10h \u00e0s 12h e das 14h \u00e0s 17h<\/span><\/p>\t\t\t\t\t\t\t\t<\/div>\n\t\t\t\t<\/div>\n\t\t\t\t\t<\/div>\n\t\t<\/div>\n\t\t\t\t\t<\/div>\n\t\t<\/section>\n\t\t\t\t<section class=\"elementor-section elementor-inner-section elementor-element elementor-element-5396738e elementor-section-boxed elementor-section-height-default elementor-section-height-default\" data-id=\"5396738e\" data-element_type=\"section\" data-e-type=\"section\">\n\t\t\t\t\t\t<div class=\"elementor-container elementor-column-gap-wider\">\n\t\t\t\t\t<div class=\"elementor-column elementor-col-100 elementor-inner-column elementor-element elementor-element-6f380a6c\" data-id=\"6f380a6c\" data-element_type=\"column\" data-e-type=\"column\">\n\t\t\t<div class=\"elementor-widget-wrap\">\n\t\t\t\t\t\t\t<\/div>\n\t\t<\/div>\n\t\t\t\t\t<\/div>\n\t\t<\/section>\n\t\t\t\t\t<\/div>\n\t\t<\/div>\n\t\t\t\t\t<\/div>\n\t\t<\/section>\n\t\t\t\t<\/div>\n\t\t","protected":false},"excerpt":{"rendered":"<p>HOR\u00c1RIOS MISSAS Segunda a sexta, \u00e0s 19h30 | S\u00e1bado, \u00e0s 16h30 | Domingo, \u00e0s 8h30, 10h30 e 18h30 Comunidade Nossa Senhora da Esperan\u00e7a | Domingo, \u00e0s<span class=\"excerpt-hellip\"> [\u2026]<\/span><\/p>\n","protected":false},"author":93,"featured_media":0,"parent":0,"menu_order":0,"comment_status":"closed","ping_status":"closed","template":"elementor_header_footer","meta":{"footnotes":""},"class_list":["post-701","page","type-page","status-publish","hentry"],"_links":{"self":[{"href":"https:\/\/salesianossp.org.br\/parsjbsp\/wp-json\/wp\/v2\/pages\/701","targetHints":{"allow":["GET"]}}],"collection":[{"href":"https:\/\/salesianossp.org.br\/parsjbsp\/wp-json\/wp\/v2\/pages"}],"about":[{"href":"https:\/\/salesianossp.org.br\/parsjbsp\/wp-json\/wp\/v2\/types\/page"}],"author":[{"embeddable":true,"href":"https:\/\/salesianossp.org.br\/parsjbsp\/wp-json\/wp\/v2\/users\/93"}],"replies":[{"embeddable":true,"href":"https:\/\/salesianossp.org.br\/parsjbsp\/wp-json\/wp\/v2\/comments?post=701"}],"version-history":[{"count":11,"href":"https:\/\/salesianossp.org.br\/parsjbsp\/wp-json\/wp\/v2\/pages\/701\/revisions"}],"predecessor-version":[{"id":1516,"href":"https:\/\/salesianossp.org.br\/parsjbsp\/wp-json\/wp\/v2\/pages\/701\/revisions\/1516"}],"wp:attachment":[{"href":"https:\/\/salesianossp.org.br\/parsjbsp\/wp-json\/wp\/v2\/media?parent=701"}],"curies":[{"name":"wp","href":"https:\/\/api.w.org\/{rel}","templated":true}]}}

HORÁRIOS PAROQUIAIS

<div data-elementor-type="wp-page" data-elementor-id="701" class="elementor elementor-701" data-elementor-post-type="page">
						<section class="elementor-section elementor-top-section elementor-element elementor-element-75cbc807 elementor-section-content-middle elementor-section-boxed elementor-section-height-default elementor-section-height-default" data-id="75cbc807" data-element_type="section" data-e-type="section">
						<div class="elementor-container elementor-column-gap-no">
					<div class="elementor-column elementor-col-100 elementor-top-column elementor-element elementor-element-422ceeb0" data-id="422ceeb0" data-element_type="column" data-e-type="column">
			<div class="elementor-widget-wrap elementor-element-populated">
						<div class="elementor-element elementor-element-26ca7e3d elementor-widget elementor-widget-heading" data-id="26ca7e3d" data-element_type="widget" data-e-type="widget" data-widget_type="heading.default">
				<div class="elementor-widget-container">
					<h4 class="elementor-heading-title elementor-size-default">HORÁRIOS</h4>				</div>
				</div>
				<section class="elementor-section elementor-inner-section elementor-element elementor-element-584f059 elementor-section-boxed elementor-section-height-default elementor-section-height-default" data-id="584f059" data-element_type="section" data-e-type="section">
						<div class="elementor-container elementor-column-gap-wider">
					<div class="elementor-column elementor-col-100 elementor-inner-column elementor-element elementor-element-33061b8" data-id="33061b8" data-element_type="column" data-e-type="column">
			<div class="elementor-widget-wrap elementor-element-populated">
						<div class="elementor-element elementor-element-66ba00f elementor-widget elementor-widget-text-editor" data-id="66ba00f" data-element_type="widget" data-e-type="widget" data-widget_type="text-editor.default">
				<div class="elementor-widget-container">
									<p><b>MISSAS</b></p><p><span style="font-weight: 400;">Segunda a sexta, às 19h30 | Sábado, às 16h30 | Domingo, às 8h30, 10h30 e 18h30</span></p><p><span style="font-weight: 400;"><strong>Comunidade Nossa Senhora da Esperança</strong> | Domingo, às 9h</span></p><p><span style="font-weight: 400;"><strong>Comunidade Mãe Rainha</strong> | Domingo, às 10h30</span></p><p> </p><p><b>SECRETARIA</b></p><p><span style="font-weight: 400;">Terça a sábado, das 8h às 12h e das 13h às 17h</span></p><p> </p><p><b>ATENDIMENTO DO PÁROCO</b></p><p><b>Confissões &#8211; Bênçãos &#8211; Aconselhamentos &#8211; Visitas aos doentes &#8211; Bênçãos das casas</b></p><p><span style="font-weight: 400;">Terças, quartas, quintas e sextas, das 10h às 12h e das 14h às 17h</span></p>								</div>
				</div>
					</div>
		</div>
					</div>
		</section>
				<section class="elementor-section elementor-inner-section elementor-element elementor-element-5396738e elementor-section-boxed elementor-section-height-default elementor-section-height-default" data-id="5396738e" data-element_type="section" data-e-type="section">
						<div class="elementor-container elementor-column-gap-wider">
					<div class="elementor-column elementor-col-100 elementor-inner-column elementor-element elementor-element-6f380a6c" data-id="6f380a6c" data-element_type="column" data-e-type="column">
			<div class="elementor-widget-wrap">
							</div>
		</div>
					</div>
		</section>
					</div>
		</div>
					</div>
		</section>
				</div>

<p>HORÁRIOS MISSAS Segunda a sexta, às 19h30 | Sábado, às 16h30 | Domingo, às 8h30, 10h30 e 18h30 Comunidade Nossa Senhora da Esperança | Domingo, às<span class="excerpt-hellip"> […]</span></p>
