{"id":338,"date":"2026-02-25T14:22:17","date_gmt":"2026-02-25T17:22:17","guid":{"rendered":"https:\/\/salesianossp.org.br\/sagradafamilia\/?page_id=338"},"modified":"2026-03-19T10:56:12","modified_gmt":"2026-03-19T13:56:12","slug":"nossa-historia","status":"publish","type":"page","link":"https:\/\/salesianossp.org.br\/sagradafamilia\/nossa-historia\/","title":{"rendered":"Nossa Hist\u00f3ria"},"content":{"rendered":"\t\t<div data-elementor-type=\"wp-page\" data-elementor-id=\"338\" class=\"elementor elementor-338\" data-elementor-post-type=\"page\">\n\t\t\t\t<section class=\"elementor-element elementor-element-218f2bf e-flex e-con-boxed e-con e-parent\" data-id=\"218f2bf\" data-element_type=\"container\" data-e-type=\"container\" data-settings=\"{&quot;background_background&quot;:&quot;classic&quot;}\">\n\t\t\t\t\t<div class=\"e-con-inner\">\n\t\t\t\t<div class=\"elementor-element elementor-element-e73e901 jet-breadcrumbs-align-center elementor-widget elementor-widget-jet-breadcrumbs\" data-id=\"e73e901\" data-element_type=\"widget\" data-e-type=\"widget\" data-widget_type=\"jet-breadcrumbs.default\">\n\t\t\t\t<div class=\"elementor-widget-container\">\n\t\t\t\t\t<div class=\"elementor-jet-breadcrumbs jet-blocks\">\n\t\t<div class=\"jet-breadcrumbs\">\n\t\t<div class=\"jet-breadcrumbs__content\">\n\t\t<div class=\"jet-breadcrumbs__wrap\"><div class=\"jet-breadcrumbs__item\"><a href=\"https:\/\/salesianossp.org.br\/sagradafamilia\/\" class=\"jet-breadcrumbs__item-link is-home\" rel=\"home\" title=\"In\u00edcio\">In\u00edcio<\/a><\/div>\n\t\t<\/div>\n\t\t<\/div>\n\t\t<\/div><\/div>\t\t\t\t<\/div>\n\t\t\t\t<\/div>\n\t\t\t\t\t<\/div>\n\t\t\t\t<\/section>\n\t\t<section class=\"elementor-element elementor-element-b717800 e-flex e-con-boxed e-con e-parent\" data-id=\"b717800\" data-element_type=\"container\" data-e-type=\"container\" data-settings=\"{&quot;background_background&quot;:&quot;classic&quot;}\">\n\t\t\t\t\t<div class=\"e-con-inner\">\n\t\t\t\t<div class=\"elementor-element elementor-element-57043c2 elementor-widget__width-initial elementor-widget elementor-widget-text-editor\" data-id=\"57043c2\" data-element_type=\"widget\" data-e-type=\"widget\" data-widget_type=\"text-editor.default\">\n\t\t\t\t\t\t\t\t\t<p>Nossa Hist\u00f3ria<\/p>\t\t\t\t\t\t\t\t<\/div>\n\t\t<div class=\"elementor-element elementor-element-6d1960c e-con-full e-flex e-con e-child\" data-id=\"6d1960c\" data-element_type=\"container\" data-e-type=\"container\">\n\t\t\t\t<div class=\"elementor-element elementor-element-3d519bd elementor-widget elementor-widget-heading\" data-id=\"3d519bd\" data-element_type=\"widget\" data-e-type=\"widget\" data-widget_type=\"heading.default\">\n\t\t\t\t\t<h2 class=\"elementor-heading-title elementor-size-default\">A hist\u00f3ria<\/h2>\t\t\t\t<\/div>\n\t\t\t\t<div class=\"elementor-element elementor-element-8ba7657 elementor-widget elementor-widget-text-editor\" data-id=\"8ba7657\" data-element_type=\"widget\" data-e-type=\"widget\" data-widget_type=\"text-editor.default\">\n\t\t\t\t\t\t\t\t\t<p>A Par\u00f3quia Sagrada Fam\u00edlia teve sua cria\u00e7\u00e3o can\u00f4nica no dia 16 de maio de 1968 e sua instala\u00e7\u00e3o na mesma data. O 1\u00ba P\u00e1roco foi o Padre Gutemberg dos Reis, sdb. Desde sua funda\u00e7\u00e3o, a Par\u00f3quia foi confiada aos Salesianos, isso quer dizer que o carisma \u00e9 o de S\u00e3o Jo\u00e3o Bosco, fundador da Fam\u00edlia Salesiana, que prioriza dar assist\u00eancia \u00e0s crian\u00e7as e aos jovens.<\/p>\n<p>Desde a funda\u00e7\u00e3o da Par\u00f3quia, dela desmembraram-se as atuais par\u00f3quias de S\u00e3o Jo\u00e3o Bosco, Santa Teresinha, Nossa Senhora do Bonsucesso e Esp\u00edrito Santo. Pertencem \u00e0 Sagrada Fam\u00edlia atualmente as comunidades de S\u00e3o Domingos S\u00e1vio, no Vale dos Pinheiros e a Capela de Bom Jesus do Serimbura, na Vila Ema.<\/p>\n<p>Na Par\u00f3quia Sagrada Fam\u00edlia n\u00e3o s\u00f3 os jovens ocupam um lugar especial, mas os leigos, de maneira geral, t\u00eam uma atua\u00e7\u00e3o marcante. Isso pode ser facilmente percebido pelo n\u00famero de grupos e movimentos que nela manifestam diversos carismas, buscando sempre a unidade em Jesus Cristo<\/p>\n\t\t\t\t\t\t\t\t<\/div>\n\t\t\t\t<\/div>\n\t\t\t\t\t<\/div>\n\t\t\t\t<\/section>\n\t\t<div class=\"elementor-element elementor-element-58240f8 e-flex e-con-boxed e-con e-parent\" data-id=\"58240f8\" data-element_type=\"container\" data-e-type=\"container\" data-settings=\"{&quot;background_background&quot;:&quot;classic&quot;}\">\n\t\t\t\t\t<div class=\"e-con-inner\">\n\t\t\t\t<div class=\"elementor-element elementor-element-21d4a6a elementor-widget__width-initial elementor-widget elementor-widget-heading\" data-id=\"21d4a6a\" data-element_type=\"widget\" data-e-type=\"widget\" data-widget_type=\"heading.default\">\n\t\t\t\t\t<h2 class=\"elementor-heading-title elementor-size-default\">Nossa Vida em Comunidade<\/h2>\t\t\t\t<\/div>\n\t\t\t\t<div class=\"elementor-element elementor-element-1b0211e elementor-widget__width-initial elementor-widget elementor-widget-text-editor\" data-id=\"1b0211e\" data-element_type=\"widget\" data-e-type=\"widget\" data-widget_type=\"text-editor.default\">\n\t\t\t\t\t\t\t\t\t<p>\u201cA vida em comunidade existe para todos, fam\u00edlias ou grupos, nos quais as pessoas est\u00e3o voltadas umas pras outras. Essa \u00e9 a maneira mais humana de viver; a que traz mais alegria; a que nos completa\u201d. \u00c9 este o clima de fam\u00edlia que se completa, que se procura viver na Par\u00f3quia.<br \/>\nFundamentados nos princ\u00edpios que norteiam as comunidades: ora\u00e7\u00e3o, partilha, acolhida, solidariedade, festa e perd\u00e3o, procuram, padres e leigos, seguir sua padroeira, a Sagrada Fam\u00edlia.<\/p>\n\t\t\t\t\t\t\t\t<\/div>\n\t\t\t\t\t<\/div>\n\t\t\t\t<\/div>\n\t\t<section class=\"elementor-element elementor-element-916cca5 e-flex e-con-boxed e-con e-parent\" data-id=\"916cca5\" data-element_type=\"container\" data-e-type=\"container\" data-settings=\"{&quot;background_background&quot;:&quot;classic&quot;}\">\n\t\t\t\t\t<div class=\"e-con-inner\">\n\t\t<div class=\"elementor-element elementor-element-b5011ea e-con-full e-flex e-con e-child\" data-id=\"b5011ea\" data-element_type=\"container\" data-e-type=\"container\">\n\t\t\t\t<div class=\"elementor-element elementor-element-e6e9e11 elementor-widget elementor-widget-heading\" data-id=\"e6e9e11\" data-element_type=\"widget\" data-e-type=\"widget\" data-widget_type=\"heading.default\">\n\t\t\t\t\t<h2 class=\"elementor-heading-title elementor-size-default\">O escritor franc\u00eas Jean Vanier (fundador da comunidade Arche) sabiamente diz:<\/h2>\t\t\t\t<\/div>\n\t\t\t\t<\/div>\n\t\t<div class=\"elementor-element elementor-element-f272621 e-con-full e-flex e-con e-child\" data-id=\"f272621\" data-element_type=\"container\" data-e-type=\"container\">\n\t\t\t\t<div class=\"elementor-element elementor-element-59569da elementor-widget elementor-widget-text-editor\" data-id=\"59569da\" data-element_type=\"widget\" data-e-type=\"widget\" data-widget_type=\"text-editor.default\">\n\t\t\t\t\t\t\t\t\t<p>\u201cA vida em comunidade existe para todos, fam\u00edlias ou grupos, nos quais as pessoas est\u00e3o voltadas umas pras outras. Essa \u00e9 a maneira mais humana de viver; a que traz mais alegria; a que nos completa\u201d<\/p>\n\t\t\t\t\t\t\t\t<\/div>\n\t\t\t\t<div class=\"elementor-element elementor-element-e8e9e26 elementor-widget__width-inherit elementor-widget elementor-widget-text-editor\" data-id=\"e8e9e26\" data-element_type=\"widget\" data-e-type=\"widget\" data-widget_type=\"text-editor.default\">\n\t\t\t\t\t\t\t\t\t<p>\u00c9 este o clima de fam\u00edlia que se completa, que se procura viver na Par\u00f3quia.<br \/>\nFundamentados nos princ\u00edpios que norteiam as comunidades: ora\u00e7\u00e3o, partilha, acolhida, solidariedade, festa e perd\u00e3o, procuram, padres e leigos, seguir sua padroeira, a Sagrada Fam\u00edlia.<\/p>\n\t\t\t\t\t\t\t\t<\/div>\n\t\t\t\t<\/div>\n\t\t\t\t\t<\/div>\n\t\t\t\t<\/section>\n\t\t<section class=\"elementor-element elementor-element-3f9ffa9 e-flex e-con-boxed e-con e-parent\" data-id=\"3f9ffa9\" data-element_type=\"container\" data-e-type=\"container\" data-settings=\"{&quot;background_background&quot;:&quot;classic&quot;}\">\n\t\t\t\t\t<div class=\"e-con-inner\">\n\t\t<div class=\"elementor-element elementor-element-e7346ce e-con-full e-flex e-con e-child\" data-id=\"e7346ce\" data-element_type=\"container\" data-e-type=\"container\">\n\t\t<div class=\"elementor-element elementor-element-b4894c6 e-con-full e-flex e-con e-child\" data-id=\"b4894c6\" data-element_type=\"container\" data-e-type=\"container\" data-settings=\"{&quot;background_background&quot;:&quot;classic&quot;}\">\n\t\t<div class=\"elementor-element elementor-element-a07abef e-con-full e-flex e-con e-child\" data-id=\"a07abef\" data-element_type=\"container\" data-e-type=\"container\" data-settings=\"{&quot;background_background&quot;:&quot;classic&quot;}\">\n\t\t\t\t<div class=\"elementor-element elementor-element-f79ad3d elementor-widget elementor-widget-heading\" data-id=\"f79ad3d\" data-element_type=\"widget\" data-e-type=\"widget\" data-widget_type=\"heading.default\">\n\t\t\t\t\t<h2 class=\"elementor-heading-title elementor-size-default\">Conhe\u00e7a os p\u00e1rocos, destes 40 anos de vida paroquial:<\/h2>\t\t\t\t<\/div>\n\t\t\t\t<div class=\"elementor-element elementor-element-d5db1c4 elementor-widget elementor-widget-text-editor\" data-id=\"d5db1c4\" data-element_type=\"widget\" data-e-type=\"widget\" data-widget_type=\"text-editor.default\">\n\t\t\t\t\t\t\t\t\t<p>1968 \u2013 Pe. Gutenberg dos Reis<\/p>\n<p>1969 \u2013 Pe. Alfredo Bortolini<\/p>\n<p>1970 \u2013 Pe. Gleiton Miranda<\/p>\n<p>1971 \u2013 Pe. Em\u00edlio Beltoldero<\/p>\n<p>1971-1974 \u2013 Pe. Andr\u00e9 Afonso Maria Butti<\/p>\n<p>1975-1976 \u2013 Pe. Gutenberg dos Reis<\/p>\n<p>1977-1979 \u2013 Pe. Eduardo Serradel<\/p>\n<p>1980-1986 \u2013 Pe. Antonio Corso<\/p>\n<p>1987 \u2013 Pe. Gutenberg dos Reis<\/p>\n<p>1988-1989 \u2013 Pe. Jos\u00e9 Gon\u00e7alves Dias<\/p>\n<p>1991-1995 \u2013 Pe. Ademar Pereira de Souza<\/p>\n<p>1996-2000 \u2013 Pe. Alcides P. da Silva<\/p>\n<p>2001-2007 \u2013 Pe. Reinaldo Barbosa de Oliveira<\/p>\n<p>2008-2012 \u2013 Pe. Andr\u00e9 Cunha de Figueiredo Torres<\/p>\n<p>2013 \u2013 2018 \u2013 Pe Silvio C\u00e9sar Silva<\/p>\n<p>2019 \u2013 2020 \u2013 Pe. Camilo Porfiro da Silva<\/p>\n<p>2021 \u2013 2024 \u2013 Pe. Mauricio Miranda<\/p>\n<p>2024 \u2013 Pe. Jos\u00e9 Rodolfo Galv\u00e3o dos Santos<\/p>\n\t\t\t\t\t\t\t\t<\/div>\n\t\t\t\t<\/div>\n\t\t\t\t<\/div>\n\t\t\t\t<\/div>\n\t\t\t\t\t<\/div>\n\t\t\t\t<\/section>\n\t\t\t\t<\/div>\n\t\t","protected":false},"excerpt":{"rendered":"<p>In\u00edcio Nossa Hist\u00f3ria<\/p>\n","protected":false},"author":1,"featured_media":0,"parent":0,"menu_order":0,"comment_status":"closed","ping_status":"closed","template":"elementor_header_footer","meta":{"footnotes":""},"class_list":["post-338","page","type-page","status-publish","hentry"],"yoast_head":"<!-- This site is optimized with the Yoast SEO plugin v27.4 - https:\/\/yoast.com\/product\/yoast-seo-wordpress\/ -->\n<title>Nossa Hist\u00f3ria - Par\u00f3quia Sagrada Fam\u00edlia<\/title>\n<meta name=\"robots\" content=\"index, follow, max-snippet:-1, max-image-preview:large, max-video-preview:-1\" \/>\n<link rel=\"canonical\" href=\"https:\/\/salesianossp.org.br\/sagradafamilia\/nossa-historia\/\" \/>\n<meta property=\"og:locale\" content=\"pt_BR\" \/>\n<meta property=\"og:type\" content=\"article\" \/>\n<meta property=\"og:title\" content=\"Nossa Hist\u00f3ria - Par\u00f3quia Sagrada Fam\u00edlia\" \/>\n<meta property=\"og:description\" content=\"In\u00edcio Nossa Hist\u00f3ria\" \/>\n<meta property=\"og:url\" content=\"https:\/\/salesianossp.org.br\/sagradafamilia\/nossa-historia\/\" \/>\n<meta property=\"og:site_name\" content=\"Par\u00f3quia Sagrada Fam\u00edlia\" \/>\n<meta property=\"article:publisher\" content=\"https:\/\/www.facebook.com\/sagrada.sjc\" \/>\n<meta property=\"article:modified_time\" content=\"2026-03-19T13:56:12+00:00\" \/>\n<meta name=\"twitter:card\" content=\"summary_large_image\" \/>\n<script type=\"application\/ld+json\" class=\"yoast-schema-graph\">{\"@context\":\"https:\\\/\\\/schema.org\",\"@graph\":[{\"@type\":\"WebPage\",\"@id\":\"https:\\\/\\\/salesianossp.org.br\\\/sagradafamilia\\\/nossa-historia\\\/\",\"url\":\"https:\\\/\\\/salesianossp.org.br\\\/sagradafamilia\\\/nossa-historia\\\/\",\"name\":\"Nossa Hist\u00f3ria - Par\u00f3quia Sagrada Fam\u00edlia\",\"isPartOf\":{\"@id\":\"https:\\\/\\\/salesianossp.org.br\\\/sagradafamilia\\\/#website\"},\"datePublished\":\"2026-02-25T17:22:17+00:00\",\"dateModified\":\"2026-03-19T13:56:12+00:00\",\"breadcrumb\":{\"@id\":\"https:\\\/\\\/salesianossp.org.br\\\/sagradafamilia\\\/nossa-historia\\\/#breadcrumb\"},\"inLanguage\":\"pt-BR\",\"potentialAction\":[{\"@type\":\"ReadAction\",\"target\":[\"https:\\\/\\\/salesianossp.org.br\\\/sagradafamilia\\\/nossa-historia\\\/\"]}]},{\"@type\":\"BreadcrumbList\",\"@id\":\"https:\\\/\\\/salesianossp.org.br\\\/sagradafamilia\\\/nossa-historia\\\/#breadcrumb\",\"itemListElement\":[{\"@type\":\"ListItem\",\"position\":1,\"name\":\"In\u00edcio\",\"item\":\"https:\\\/\\\/salesianossp.org.br\\\/sagradafamilia\\\/\"},{\"@type\":\"ListItem\",\"position\":2,\"name\":\"Nossa Hist\u00f3ria\"}]},{\"@type\":\"WebSite\",\"@id\":\"https:\\\/\\\/salesianossp.org.br\\\/sagradafamilia\\\/#website\",\"url\":\"https:\\\/\\\/salesianossp.org.br\\\/sagradafamilia\\\/\",\"name\":\"Par\u00f3quia Sagrada Fam\u00edlia\",\"description\":\"\",\"publisher\":{\"@id\":\"https:\\\/\\\/salesianossp.org.br\\\/sagradafamilia\\\/#organization\"},\"potentialAction\":[{\"@type\":\"SearchAction\",\"target\":{\"@type\":\"EntryPoint\",\"urlTemplate\":\"https:\\\/\\\/salesianossp.org.br\\\/sagradafamilia\\\/?s={search_term_string}\"},\"query-input\":{\"@type\":\"PropertyValueSpecification\",\"valueRequired\":true,\"valueName\":\"search_term_string\"}}],\"inLanguage\":\"pt-BR\"},{\"@type\":\"Organization\",\"@id\":\"https:\\\/\\\/salesianossp.org.br\\\/sagradafamilia\\\/#organization\",\"name\":\"Par\u00f3quia Sagrada Fam\u00edlia\",\"url\":\"https:\\\/\\\/salesianossp.org.br\\\/sagradafamilia\\\/\",\"logo\":{\"@type\":\"ImageObject\",\"inLanguage\":\"pt-BR\",\"@id\":\"https:\\\/\\\/salesianossp.org.br\\\/sagradafamilia\\\/#\\\/schema\\\/logo\\\/image\\\/\",\"url\":\"https:\\\/\\\/salesianossp.org.br\\\/sagradafamilia\\\/wp-content\\\/uploads\\\/2026\\\/02\\\/logo-paroquia-sagrada-familia.svg\",\"contentUrl\":\"https:\\\/\\\/salesianossp.org.br\\\/sagradafamilia\\\/wp-content\\\/uploads\\\/2026\\\/02\\\/logo-paroquia-sagrada-familia.svg\",\"width\":242,\"height\":56,\"caption\":\"Par\u00f3quia Sagrada Fam\u00edlia\"},\"image\":{\"@id\":\"https:\\\/\\\/salesianossp.org.br\\\/sagradafamilia\\\/#\\\/schema\\\/logo\\\/image\\\/\"},\"sameAs\":[\"https:\\\/\\\/www.facebook.com\\\/sagrada.sjc\",\"https:\\\/\\\/www.instagram.com\\\/sagradasjc\\\/\",\"https:\\\/\\\/www.youtube.com\\\/channel\\\/UCpQMbZ1sAjKlYFrtlU4bVvQ\"]}]}<\/script>\n<!-- \/ Yoast SEO plugin. -->","yoast_head_json":{"title":"Nossa Hist\u00f3ria - Par\u00f3quia Sagrada Fam\u00edlia","robots":{"index":"index","follow":"follow","max-snippet":"max-snippet:-1","max-image-preview":"max-image-preview:large","max-video-preview":"max-video-preview:-1"},"canonical":"https:\/\/salesianossp.org.br\/sagradafamilia\/nossa-historia\/","og_locale":"pt_BR","og_type":"article","og_title":"Nossa Hist\u00f3ria - Par\u00f3quia Sagrada Fam\u00edlia","og_description":"In\u00edcio Nossa Hist\u00f3ria","og_url":"https:\/\/salesianossp.org.br\/sagradafamilia\/nossa-historia\/","og_site_name":"Par\u00f3quia Sagrada Fam\u00edlia","article_publisher":"https:\/\/www.facebook.com\/sagrada.sjc","article_modified_time":"2026-03-19T13:56:12+00:00","twitter_card":"summary_large_image","schema":{"@context":"https:\/\/schema.org","@graph":[{"@type":"WebPage","@id":"https:\/\/salesianossp.org.br\/sagradafamilia\/nossa-historia\/","url":"https:\/\/salesianossp.org.br\/sagradafamilia\/nossa-historia\/","name":"Nossa Hist\u00f3ria - Par\u00f3quia Sagrada Fam\u00edlia","isPartOf":{"@id":"https:\/\/salesianossp.org.br\/sagradafamilia\/#website"},"datePublished":"2026-02-25T17:22:17+00:00","dateModified":"2026-03-19T13:56:12+00:00","breadcrumb":{"@id":"https:\/\/salesianossp.org.br\/sagradafamilia\/nossa-historia\/#breadcrumb"},"inLanguage":"pt-BR","potentialAction":[{"@type":"ReadAction","target":["https:\/\/salesianossp.org.br\/sagradafamilia\/nossa-historia\/"]}]},{"@type":"BreadcrumbList","@id":"https:\/\/salesianossp.org.br\/sagradafamilia\/nossa-historia\/#breadcrumb","itemListElement":[{"@type":"ListItem","position":1,"name":"In\u00edcio","item":"https:\/\/salesianossp.org.br\/sagradafamilia\/"},{"@type":"ListItem","position":2,"name":"Nossa Hist\u00f3ria"}]},{"@type":"WebSite","@id":"https:\/\/salesianossp.org.br\/sagradafamilia\/#website","url":"https:\/\/salesianossp.org.br\/sagradafamilia\/","name":"Par\u00f3quia Sagrada Fam\u00edlia","description":"","publisher":{"@id":"https:\/\/salesianossp.org.br\/sagradafamilia\/#organization"},"potentialAction":[{"@type":"SearchAction","target":{"@type":"EntryPoint","urlTemplate":"https:\/\/salesianossp.org.br\/sagradafamilia\/?s={search_term_string}"},"query-input":{"@type":"PropertyValueSpecification","valueRequired":true,"valueName":"search_term_string"}}],"inLanguage":"pt-BR"},{"@type":"Organization","@id":"https:\/\/salesianossp.org.br\/sagradafamilia\/#organization","name":"Par\u00f3quia Sagrada Fam\u00edlia","url":"https:\/\/salesianossp.org.br\/sagradafamilia\/","logo":{"@type":"ImageObject","inLanguage":"pt-BR","@id":"https:\/\/salesianossp.org.br\/sagradafamilia\/#\/schema\/logo\/image\/","url":"https:\/\/salesianossp.org.br\/sagradafamilia\/wp-content\/uploads\/2026\/02\/logo-paroquia-sagrada-familia.svg","contentUrl":"https:\/\/salesianossp.org.br\/sagradafamilia\/wp-content\/uploads\/2026\/02\/logo-paroquia-sagrada-familia.svg","width":242,"height":56,"caption":"Par\u00f3quia Sagrada Fam\u00edlia"},"image":{"@id":"https:\/\/salesianossp.org.br\/sagradafamilia\/#\/schema\/logo\/image\/"},"sameAs":["https:\/\/www.facebook.com\/sagrada.sjc","https:\/\/www.instagram.com\/sagradasjc\/","https:\/\/www.youtube.com\/channel\/UCpQMbZ1sAjKlYFrtlU4bVvQ"]}]}},"_links":{"self":[{"href":"https:\/\/salesianossp.org.br\/sagradafamilia\/wp-json\/wp\/v2\/pages\/338","targetHints":{"allow":["GET"]}}],"collection":[{"href":"https:\/\/salesianossp.org.br\/sagradafamilia\/wp-json\/wp\/v2\/pages"}],"about":[{"href":"https:\/\/salesianossp.org.br\/sagradafamilia\/wp-json\/wp\/v2\/types\/page"}],"author":[{"embeddable":true,"href":"https:\/\/salesianossp.org.br\/sagradafamilia\/wp-json\/wp\/v2\/users\/1"}],"replies":[{"embeddable":true,"href":"https:\/\/salesianossp.org.br\/sagradafamilia\/wp-json\/wp\/v2\/comments?post=338"}],"version-history":[{"count":40,"href":"https:\/\/salesianossp.org.br\/sagradafamilia\/wp-json\/wp\/v2\/pages\/338\/revisions"}],"predecessor-version":[{"id":701,"href":"https:\/\/salesianossp.org.br\/sagradafamilia\/wp-json\/wp\/v2\/pages\/338\/revisions\/701"}],"wp:attachment":[{"href":"https:\/\/salesianossp.org.br\/sagradafamilia\/wp-json\/wp\/v2\/media?parent=338"}],"curies":[{"name":"wp","href":"https:\/\/api.w.org\/{rel}","templated":true}]}}